

CREATE TABLE `tbl_agenda` (
  `ageId` varchar(10) NOT NULL,
  `ageJudul` varchar(200) NOT NULL,
  `ageTgl1` datetime NOT NULL,
  `ageTgl2` datetime NOT NULL,
  `ageIsi` text NOT NULL,
  `ageStatus` int(11) NOT NULL,
  `ageLink` varchar(10) NOT NULL,
  PRIMARY KEY (`ageId`)
) ENGINE=InnoDB DEFAULT CHARSET=utf8mb4 COLLATE=utf8mb4_general_ci;

INSERT INTO tbl_agenda VALUES("AGE-000001","Kegiatan Bidang Sosial Budaya DWP Kab Sarmi","2021-09-24 09:38:00","2021-09-24 13:38:00","Kerja Bakti dalam rangkah Jumat bersih di komplek  pasar Sarmo kerjasama dengan Dinas Lingkungan Hidup Kab Sarmi.","1","PUB-000006");
INSERT INTO tbl_agenda VALUES("AGE-000002","Pertemuan rutin Bulanan DWP Kab Sarmi","2021-10-29 11:00:00","2021-10-29 13:00:00","1. Laporan masing - masing bidang
2.evaluasi program masing-masing bidang yang sudah selesai dan belum selesai dilaksanakan","1","");
INSERT INTO tbl_agenda VALUES("AGE-000003","Partisipasi Kegiatan PKK","2021-11-09 09:00:00","2021-11-09 12:00:00","Ikut berpartisipasi dalam kegiatan kerja bakti di pantai doro Sarmi
bersama dengan Persib,DWP,dan Bayangkari","1","PUB-000002");



CREATE TABLE `tbl_anggota` (
  `angId` varchar(10) NOT NULL,
  `angNama` varchar(100) NOT NULL,
  `angJabatan` int(11) NOT NULL,
  `angFoto` varchar(200) NOT NULL,
  PRIMARY KEY (`angId`)
) ENGINE=InnoDB DEFAULT CHARSET=utf8mb4 COLLATE=utf8mb4_general_ci;

INSERT INTO tbl_anggota VALUES("ANG-000001","Eti Nari","1","10102021182552IBU NARI.jpg");
INSERT INTO tbl_anggota VALUES("ANG-000002","Yoselien Melo","2","01082021140303female-icon-7880.png");
INSERT INTO tbl_anggota VALUES("ANG-000003","Dewi Nirom","3","01082021140326female-icon-7880.png");
INSERT INTO tbl_anggota VALUES("ANG-000004","Mia Sintya Sabarofer","4","02082021182654WhatsApp Image 2021-08-02 at 4.21.06 PM.jpeg");
INSERT INTO tbl_anggota VALUES("ANG-000005","Sarce Abuere","5","01082021140452female-icon-7880.png");
INSERT INTO tbl_anggota VALUES("ANG-000006","Butet Ariyani Norotou","6","01122021132744IBU BUTET.jpg");
INSERT INTO tbl_anggota VALUES("ANG-000007","Isabella K. Samoa","7","01082021140549female-icon-7880.png");
INSERT INTO tbl_anggota VALUES("ANG-000008","Ratna Baransano","8","01082021140618female-icon-7880.png");
INSERT INTO tbl_anggota VALUES("ANG-000009","Wihelwina Nasir","9","01082021140702female-icon-7880.png");
INSERT INTO tbl_anggota VALUES("ANG-000010","Yusnita Runbekwan","10","01082021140804female-icon-7880.png");
INSERT INTO tbl_anggota VALUES("ANG-000011","Leni Bambang","10","01082021140830female-icon-7880.png");
INSERT INTO tbl_anggota VALUES("ANG-000012","Ester Rudamaga","10","01082021140854female-icon-7880.png");
INSERT INTO tbl_anggota VALUES("ANG-000013","Yanti Manossoh","10","01082021140912female-icon-7880.png");
INSERT INTO tbl_anggota VALUES("ANG-000014","Yustian Nubiaf","10","01082021140946female-icon-7880.png");
INSERT INTO tbl_anggota VALUES("ANG-000015","Yuliana Wondowai Yaas","10","01082021141016female-icon-7880.png");
INSERT INTO tbl_anggota VALUES("ANG-000016","Fransina Daufera","10","01082021141045female-icon-7880.png");
INSERT INTO tbl_anggota VALUES("ANG-000017","Ludia Fokames","10","01082021141116female-icon-7880.png");
INSERT INTO tbl_anggota VALUES("ANG-000018","Feni Wdytila Unenor","11","01082021141225female-icon-7880.png");
INSERT INTO tbl_anggota VALUES("ANG-000019","Susri Apono","12","01082021141244female-icon-7880.png");
INSERT INTO tbl_anggota VALUES("ANG-000020","Dolince Boikawai","13","01082021141327female-icon-7880.png");
INSERT INTO tbl_anggota VALUES("ANG-000021","Kristin Ogubue","14","01082021141359female-icon-7880.png");
INSERT INTO tbl_anggota VALUES("ANG-000022","Ruth Baransano","14","10102021182423IBU BARANSANO.jpg");
INSERT INTO tbl_anggota VALUES("ANG-000023","Heidy Soronoanya","14","01082021141545female-icon-7880.png");
INSERT INTO tbl_anggota VALUES("ANG-000024","Andarias Twenty","14","01082021141623female-icon-7880.png");
INSERT INTO tbl_anggota VALUES("ANG-000025","Salomina Bless","14","01082021141643female-icon-7880.png");
INSERT INTO tbl_anggota VALUES("ANG-000026","Stella Twanangkwa","14","01082021141724female-icon-7880.png");
INSERT INTO tbl_anggota VALUES("ANG-000027","Dekri Mariel","14","01082021141744female-icon-7880.png");
INSERT INTO tbl_anggota VALUES("ANG-000028","Yobine Maonuar","15","01082021141837female-icon-7880.png");
INSERT INTO tbl_anggota VALUES("ANG-000029","Katulina Woromboni","16","01082021142000female-icon-7880.png");
INSERT INTO tbl_anggota VALUES("ANG-000030","Dinda Derek","17","01082021142024female-icon-7880.png");
INSERT INTO tbl_anggota VALUES("ANG-000031","Agustina Waromi","18","01082021142050female-icon-7880.png");
INSERT INTO tbl_anggota VALUES("ANG-000032","Sarah Yaas","18","01082021142107female-icon-7880.png");
INSERT INTO tbl_anggota VALUES("ANG-000033","Suslina Wainggai","18","01082021142129female-icon-7880.png");
INSERT INTO tbl_anggota VALUES("ANG-000034","Warini Syukur","18","01082021142202female-icon-7880.png");
INSERT INTO tbl_anggota VALUES("ANG-000035","Selvia Bernard","18","01082021142224female-icon-7880.png");
INSERT INTO tbl_anggota VALUES("ANG-000036","Fernandes Manibor","18","01082021142246female-icon-7880.png");
INSERT INTO tbl_anggota VALUES("ANG-000037","Anetha Msiren Onim","18","01082021142329female-icon-7880.png");
INSERT INTO tbl_anggota VALUES("ANG-000038","Servin Sondak Sugarto","18","01082021142409female-icon-7880.png");
INSERT INTO tbl_anggota VALUES("ANG-000039","Selvi Kaumpungan","18","01082021142435female-icon-7880.png");
INSERT INTO tbl_anggota VALUES("ANG-000040","Bernike Yarisetouw ","18","01082021142502female-icon-7880.png");
INSERT INTO tbl_anggota VALUES("ANG-000041","Aksamina Abindondifu","18","01082021142541female-icon-7880.png");
INSERT INTO tbl_anggota VALUES("ANG-000042","Lilis Simopiaref","18","01082021142610female-icon-7880.png");
INSERT INTO tbl_anggota VALUES("ANG-000043","tes","2","10042023201820featured_img1.jpg");



CREATE TABLE `tbl_backup` (
  `bacId` varchar(10) NOT NULL,
  `bacUsrId` varchar(10) NOT NULL,
  `bacFile` varchar(100) NOT NULL,
  `bacTime` datetime NOT NULL,
  PRIMARY KEY (`bacId`)
) ENGINE=InnoDB DEFAULT CHARSET=utf8mb4 COLLATE=utf8mb4_general_ci;

INSERT INTO tbl_backup VALUES("BAC-000001","USE-000001","db_dwp_sarmi_backup_1627791431.sql","2021-08-01 01:17:11");



CREATE TABLE `tbl_history` (
  `hisId` varchar(15) NOT NULL,
  `hisUsrId` varchar(10) NOT NULL,
  `hisAksi` varchar(100) NOT NULL,
  `hisAksId` varchar(10) NOT NULL,
  `hisTime` datetime NOT NULL,
  PRIMARY KEY (`hisId`)
) ENGINE=InnoDB DEFAULT CHARSET=utf8mb4 COLLATE=utf8mb4_general_ci;

INSERT INTO tbl_history VALUES("HIS-00000000001","USE-000002","Tambah data Ketua","KET-000007","2023-04-10 08:18:00");
INSERT INTO tbl_history VALUES("HIS-00000000002","USE-000002","Edit data Ketua","KET-000007","2023-04-10 08:18:08");
INSERT INTO tbl_history VALUES("HIS-00000000003","USE-000002","Tambah data Pengurus","ANG-000043","2023-04-10 08:18:20");
INSERT INTO tbl_history VALUES("HIS-00000000004","USE-000002","Edit data Pengurus","ANG-000043","2023-04-10 08:18:24");



CREATE TABLE `tbl_kegiatan` (
  `kegId` varchar(15) NOT NULL,
  `kegPubId` varchar(10) NOT NULL,
  `kegFoto` varchar(200) NOT NULL,
  PRIMARY KEY (`kegId`)
) ENGINE=InnoDB DEFAULT CHARSET=utf8mb4 COLLATE=utf8mb4_general_ci;

INSERT INTO tbl_kegiatan VALUES("KEG-00000000001","PUB-000001","01082021200219WhatsApp Image 2021-07-25 at 18.15.12 (1).jpeg");
INSERT INTO tbl_kegiatan VALUES("KEG-00000000002","PUB-000001","01082021200219WhatsApp Image 2021-07-25 at 18.15.12.jpeg");
INSERT INTO tbl_kegiatan VALUES("KEG-00000000003","PUB-000001","01082021200219WhatsApp Image 2021-07-25 at 18.15.13.jpeg");
INSERT INTO tbl_kegiatan VALUES("KEG-00000000004","PUB-000001","01082021200219WhatsApp Image 2021-07-25 at 18.15.14 (1).jpeg");
INSERT INTO tbl_kegiatan VALUES("KEG-00000000005","PUB-000001","01082021200219WhatsApp Image 2021-07-25 at 18.15.15 (1).jpeg");
INSERT INTO tbl_kegiatan VALUES("KEG-00000000006","PUB-000001","01082021200219WhatsApp Image 2021-07-25 at 18.15.17 (1).jpeg");
INSERT INTO tbl_kegiatan VALUES("KEG-00000000007","PUB-000001","01082021200219WhatsApp Image 2021-07-25 at 18.15.18.jpeg");
INSERT INTO tbl_kegiatan VALUES("KEG-00000000008","PUB-000001","01082021200219WhatsApp Image 2021-07-25 at 18.15.21.jpeg");
INSERT INTO tbl_kegiatan VALUES("KEG-00000000009","PUB-000001","01082021200219WhatsApp Image 2021-07-25 at 18.15.22.jpeg");
INSERT INTO tbl_kegiatan VALUES("KEG-00000000010","PUB-000001","01082021200219WhatsApp Image 2021-07-25 at 18.15.24.jpeg");
INSERT INTO tbl_kegiatan VALUES("KEG-00000000011","PUB-000002","01082021200525WhatsApp Image 2021-07-25 at 18.14.58 (1).jpeg");
INSERT INTO tbl_kegiatan VALUES("KEG-00000000012","PUB-000002","01082021200525WhatsApp Image 2021-07-25 at 18.14.58.jpeg");
INSERT INTO tbl_kegiatan VALUES("KEG-00000000013","PUB-000002","01082021200525WhatsApp Image 2021-07-25 at 18.15.03 (1).jpeg");
INSERT INTO tbl_kegiatan VALUES("KEG-00000000014","PUB-000002","01082021200525WhatsApp Image 2021-07-25 at 18.15.03.jpeg");
INSERT INTO tbl_kegiatan VALUES("KEG-00000000015","PUB-000002","01082021200525WhatsApp Image 2021-07-25 at 18.15.04 (2).jpeg");
INSERT INTO tbl_kegiatan VALUES("KEG-00000000016","PUB-000002","01082021200525WhatsApp Image 2021-07-25 at 18.15.04 (1).jpeg");
INSERT INTO tbl_kegiatan VALUES("KEG-00000000017","PUB-000002","01082021200525WhatsApp Image 2021-07-25 at 18.15.04.jpeg");
INSERT INTO tbl_kegiatan VALUES("KEG-00000000018","PUB-000002","01082021200525WhatsApp Image 2021-07-25 at 18.15.05.jpeg");
INSERT INTO tbl_kegiatan VALUES("KEG-00000000019","PUB-000002","01082021200525WhatsApp Image 2021-07-25 at 18.15.08.jpeg");
INSERT INTO tbl_kegiatan VALUES("KEG-00000000020","PUB-000002","01082021200525WhatsApp Image 2021-07-25 at 18.15.10 (1).jpeg");
INSERT INTO tbl_kegiatan VALUES("KEG-00000000021","PUB-000004","02082021183616WhatsApp Image 2021-08-01 at 2.03.15 PM.jpeg");
INSERT INTO tbl_kegiatan VALUES("KEG-00000000022","PUB-000004","02082021183617WhatsApp Image 2021-08-01 at 2.03.16 PM (1).jpeg");
INSERT INTO tbl_kegiatan VALUES("KEG-00000000023","PUB-000004","02082021183617WhatsApp Image 2021-08-01 at 2.03.16 PM.jpeg");
INSERT INTO tbl_kegiatan VALUES("KEG-00000000024","PUB-000004","02082021183617WhatsApp Image 2021-08-01 at 2.03.18 PM (2).jpeg");
INSERT INTO tbl_kegiatan VALUES("KEG-00000000025","PUB-000004","02082021183617WhatsApp Image 2021-08-01 at 2.03.19 PM.jpeg");
INSERT INTO tbl_kegiatan VALUES("KEG-00000000026","PUB-000004","02082021183617WhatsApp Image 2021-08-01 at 2.03.20 PM (1).jpeg");
INSERT INTO tbl_kegiatan VALUES("KEG-00000000027","PUB-000004","02082021183617WhatsApp Image 2021-08-01 at 2.03.21 PM (2).jpeg");
INSERT INTO tbl_kegiatan VALUES("KEG-00000000028","PUB-000005","02082021184115WhatsApp Image 2021-08-01 at 2.03.17 PM.jpeg");
INSERT INTO tbl_kegiatan VALUES("KEG-00000000029","PUB-000005","02082021184115WhatsApp Image 2021-08-01 at 2.03.18 PM (2).jpeg");
INSERT INTO tbl_kegiatan VALUES("KEG-00000000030","PUB-000005","02082021184115WhatsApp Image 2021-08-01 at 2.03.20 PM.jpeg");
INSERT INTO tbl_kegiatan VALUES("KEG-00000000031","PUB-000005","02082021184115WhatsApp Image 2021-08-01 at 2.03.21 PM (1).jpeg");
INSERT INTO tbl_kegiatan VALUES("KEG-00000000032","PUB-000005","02082021184115WhatsApp Image 2021-08-01 at 2.03.21 PM.jpeg");
INSERT INTO tbl_kegiatan VALUES("KEG-00000000033","PUB-000005","02082021184115WhatsApp Image 2021-08-01 at 2.03.22 PM (1).jpeg");
INSERT INTO tbl_kegiatan VALUES("KEG-00000000034","PUB-000005","02082021184115WhatsApp Image 2021-08-01 at 2.03.24 PM.jpeg");



CREATE TABLE `tbl_ketua` (
  `ketId` varchar(10) NOT NULL,
  `ketNama` varchar(100) NOT NULL,
  `ketJabatan` int(11) NOT NULL,
  `ketBakti1` int(11) NOT NULL,
  `ketBakti2` int(11) NOT NULL,
  `ketFoto` varchar(200) NOT NULL,
  PRIMARY KEY (`ketId`)
) ENGINE=InnoDB DEFAULT CHARSET=utf8mb4 COLLATE=utf8mb4_general_ci;

INSERT INTO tbl_ketua VALUES("KET-000002","Rantina Bakai","2","2019","2024","ibu_sekda.jpeg");
INSERT INTO tbl_ketua VALUES("KET-000003","Agustina Moar","3","2019","2024","31072021171102users.jpg");
INSERT INTO tbl_ketua VALUES("KET-000004","Haryani Sergius Nita","4","2019","2024","01082021140059female-icon-7880.png");
INSERT INTO tbl_ketua VALUES("KET-000005","Marice Mansi Rumbiak","5","2019","2024","01082021140137female-icon-7880.png");
INSERT INTO tbl_ketua VALUES("KET-000006","Wihelmina Timbuat","6","2019","2024","01082021140205female-icon-7880.png");
INSERT INTO tbl_ketua VALUES("KET-000007","tes","1","2028","2027","10042023201800add_img.jpg");



CREATE TABLE `tbl_pesan` (
  `pesId` varchar(10) NOT NULL,
  `pesNama` varchar(70) NOT NULL,
  `pesTelp` varchar(15) NOT NULL,
  `pesJudul` varchar(200) NOT NULL,
  `pesPesan` text NOT NULL,
  `pesTime` datetime NOT NULL,
  `pesStatus` int(11) NOT NULL,
  PRIMARY KEY (`pesId`)
) ENGINE=InnoDB DEFAULT CHARSET=utf8mb4 COLLATE=utf8mb4_general_ci;




CREATE TABLE `tbl_polling` (
  `polId` varchar(10) NOT NULL,
  `polPilihan` int(11) NOT NULL,
  PRIMARY KEY (`polId`)
) ENGINE=InnoDB DEFAULT CHARSET=utf8mb4 COLLATE=utf8mb4_general_ci;

INSERT INTO tbl_polling VALUES("POL-000001","1");
INSERT INTO tbl_polling VALUES("POL-000002","2");
INSERT INTO tbl_polling VALUES("POL-000003","1");
INSERT INTO tbl_polling VALUES("POL-000004","1");
INSERT INTO tbl_polling VALUES("POL-000005","1");



CREATE TABLE `tbl_publik` (
  `pubId` varchar(10) NOT NULL,
  `pubUsrId` varchar(10) NOT NULL,
  `pubStatus` int(11) NOT NULL,
  `pubJudul` text NOT NULL,
  `pubTime` datetime NOT NULL,
  `pubSampul` varchar(200) NOT NULL,
  `pubIsi` text NOT NULL,
  `pubHits` int(11) NOT NULL,
  PRIMARY KEY (`pubId`)
) ENGINE=InnoDB DEFAULT CHARSET=utf8mb4 COLLATE=utf8mb4_general_ci;

INSERT INTO tbl_publik VALUES("PUB-000001","USE-000001","2","Perayaan Natal Dharma Wanita Persatuan Kabupaten Sarmi Tahun 2020","2020-11-11 10:00:00","01082021200219WhatsApp Image 2021-07-25 at 18.15.15 (1).jpeg","<p>Perayaan Natal Dharma Wanita Persatuan Kabupaten Sarmi Tahun 2020Perayaan Natal Dharma Wanita Persatuan Kabupaten Sarmi Tahun 2020Perayaan Natal Dharma Wanita Persatuan Kabupaten Sarmi Tahun 2020Perayaan Natal Dharma Wanita Persatuan Kabupaten Sarmi Tahun 2020Perayaan Natal Dharma Wanita Persatuan Kabupaten Sarmi Tahun 2020Perayaan Natal Dharma Wanita Persatuan Kabupaten Sarmi Tahun 2020Perayaan Natal Dharma Wanita Persatuan Kabupaten Sarmi Tahun 2020Perayaan Natal Dharma Wanita Persatuan Kabupaten Sarmi Tahun 2020Perayaan Natal Dharma Wanita Persatuan Kabupaten Sarmi Tahun 2020Perayaan Natal Dharma Wanita Persatuan Kabupaten Sarmi Tahun 2020</p>

<p>&nbsp;</p>

<p>Perayaan Natal Dharma Wanita Persatuan Kabupaten Sarmi Tahun 2020Perayaan Natal Dharma Wanita Persatuan Kabupaten Sarmi Tahun 2020Perayaan Natal Dharma Wanita Persatuan Kabupaten Sarmi Tahun 2020Perayaan Natal Dharma Wanita Persatuan Kabupaten Sarmi Tahun 2020Perayaan Natal Dharma Wanita Persatuan Kabupaten Sarmi Tahun 2020Perayaan Natal Dharma Wanita Persatuan Kabupaten Sarmi Tahun 2020</p>

<p>&nbsp;</p>

<p>Perayaan Natal Dharma Wanita Persatuan Kabupaten Sarmi Tahun 2020Perayaan Natal Dharma Wanita Persatuan Kabupaten Sarmi Tahun 2020Perayaan Natal Dharma Wanita Persatuan Kabupaten Sarmi Tahun 2020Perayaan Natal Dharma Wanita Persatuan Kabupaten Sarmi Tahun 2020Perayaan Natal Dharma Wanita Persatuan Kabupaten Sarmi Tahun 2020Perayaan Natal Dharma Wanita Persatuan Kabupaten Sarmi Tahun 2020Perayaan Natal Dharma Wanita Persatuan Kabupaten Sarmi Tahun 2020Perayaan Natal Dharma Wanita Persatuan Kabupaten Sarmi Tahun 2020Perayaan Natal Dharma Wanita Persatuan Kabupaten Sarmi Tahun 2020Perayaan Natal Dharma Wanita Persatuan Kabupaten Sarmi Tahun 2020Perayaan Natal Dharma Wanita Persatuan Kabupaten Sarmi Tahun 2020</p>
","33");
INSERT INTO tbl_publik VALUES("PUB-000002","USE-000001","2","Turut Serta Berpartisipasi Dalam Pameran Tim Penggerak PKK Kabupaten Sarmi","2021-02-10 10:00:00","01082021200525WhatsApp Image 2021-07-25 at 18.15.05.jpeg","<p>Turut Serta Berpartisipasi Dalam Pameran Tim Penggerak PKK Kabupaten SarmiTurut Serta Berpartisipasi Dalam Pameran Tim Penggerak PKK Kabupaten SarmiTurut Serta Berpartisipasi Dalam Pameran Tim Penggerak PKK Kabupaten SarmiTurut Serta Berpartisipasi Dalam Pameran Tim Penggerak PKK Kabupaten SarmiTurut Serta Berpartisipasi Dalam Pameran Tim Penggerak PKK Kabupaten SarmiTurut Serta Berpartisipasi Dalam Pameran Tim Penggerak PKK Kabupaten SarmiTurut Serta Berpartisipasi Dalam Pameran Tim Penggerak PKK Kabupaten SarmiTurut Serta Berpartisipasi Dalam Pameran Tim Penggerak PKK Kabupaten SarmiTurut Serta Berpartisipasi Dalam Pameran Tim Penggerak PKK Kabupaten SarmiTurut Serta Berpartisipasi Dalam Pameran Tim Penggerak PKK Kabupaten Sarmi.</p>

<p>&nbsp;</p>

<p>Turut Serta Berpartisipasi Dalam Pameran Tim Penggerak PKK Kabupaten SarmiTurut Serta Berpartisipasi Dalam Pameran Tim Penggerak PKK Kabupaten SarmiTurut Serta Berpartisipasi Dalam Pameran Tim Penggerak PKK Kabupaten SarmiTurut Serta Berpartisipasi Dalam Pameran Tim Penggerak PKK Kabupaten SarmiTurut Serta Berpartisipasi Dalam Pameran Tim Penggerak PKK Kabupaten SarmiTurut Serta Berpartisipasi Dalam Pameran Tim Penggerak PKK Kabupaten SarmiTurut Serta Berpartisipasi Dalam Pameran Tim Penggerak PKK Kabupaten SarmiTurut Serta Berpartisipasi Dalam Pameran Tim Penggerak PKK Kabupaten SarmiTurut Serta Berpartisipasi Dalam Pameran Tim Penggerak PKK Kabupaten SarmiTurut Serta Berpartisipasi Dalam Pameran Tim Penggerak PKK Kabupaten SarmiTurut Serta Berpartisipasi Dalam Pameran Tim Penggerak PKK Kabupaten Sarmi.</p>

<p>&nbsp;</p>

<p>Turut Serta Berpartisipasi Dalam Pameran Tim Penggerak PKK Kabupaten SarmiTurut Serta Berpartisipasi Dalam Pameran Tim Penggerak PKK Kabupaten SarmiTurut Serta Berpartisipasi Dalam Pameran Tim Penggerak PKK Kabupaten SarmiTurut Serta Berpartisipasi Dalam Pameran Tim Penggerak PKK Kabupaten SarmiTurut Serta Berpartisipasi Dalam Pameran Tim Penggerak PKK Kabupaten SarmiTurut Serta Berpartisipasi Dalam Pameran Tim Penggerak PKK Kabupaten SarmiTurut Serta Berpartisipasi Dalam Pameran Tim Penggerak PKK Kabupaten SarmiTurut Serta Berpartisipasi Dalam Pameran Tim Penggerak PKK Kabupaten SarmiTurut Serta Berpartisipasi Dalam Pameran Tim Penggerak PKK Kabupaten Sarmi</p>
","32");
INSERT INTO tbl_publik VALUES("PUB-000003","USE-000001","1","Perayaan HUT Dharma Wanita Persatuan Ke-21 Tahun 2020","2020-12-02 08:00:00","01082021201539WhatsApp Image 2021-07-25 at 18.15.19 (2).jpeg","<p>Perayaan HUT Dharma Wanita Persatuan Ke-21 Tahun 2020Perayaan HUT Dharma Wanita Persatuan Ke-21 Tahun 2020Perayaan HUT Dharma Wanita Persatuan Ke-21 Tahun 2020Perayaan HUT Dharma Wanita Persatuan Ke-21 Tahun 2020Perayaan HUT Dharma Wanita Persatuan Ke-21 Tahun 2020Perayaan HUT Dharma Wanita Persatuan Ke-21 Tahun 2020Perayaan HUT Dharma Wanita Persatuan Ke-21 Tahun 2020Perayaan HUT Dharma Wanita Persatuan Ke-21 Tahun 2020Perayaan HUT Dharma Wanita Persatuan Ke-21 Tahun 2020Perayaan HUT Dharma Wanita Persatuan Ke-21 Tahun 2020Perayaan HUT Dharma Wanita Persatuan Ke-21 Tahun 2020Perayaan HUT Dharma Wanita Persatuan Ke-21 Tahun 2020Perayaan HUT Dharma Wanita Persatuan Ke-21 Tahun 2020Perayaan HUT Dharma Wanita Persatuan Ke-21 Tahun 2020Perayaan HUT Dharma Wanita Persatuan Ke-21 Tahun 2020Perayaan HUT Dharma Wanita Persatuan Ke-21 Tahun 2020Perayaan HUT Dharma Wanita Persatuan Ke-21 Tahun 2020</p>

<p>&nbsp;</p>

<p>Perayaan HUT Dharma Wanita Persatuan Ke-21 Tahun 2020Perayaan HUT Dharma Wanita Persatuan Ke-21 Tahun 2020Perayaan HUT Dharma Wanita Persatuan Ke-21 Tahun 2020Perayaan HUT Dharma Wanita Persatuan Ke-21 Tahun 2020Perayaan HUT Dharma Wanita Persatuan Ke-21 Tahun 2020Perayaan HUT Dharma Wanita Persatuan Ke-21 Tahun 2020Perayaan HUT Dharma Wanita Persatuan Ke-21 Tahun 2020Perayaan HUT Dharma Wanita Persatuan Ke-21 Tahun 2020Perayaan HUT Dharma Wanita Persatuan Ke-21 Tahun 2020Perayaan HUT Dharma Wanita Persatuan Ke-21 Tahun 2020</p>
","24");
INSERT INTO tbl_publik VALUES("PUB-000004","USE-000002","2","Musyawarah Daerah IV Dharma Wanita Persatuan Kabupaten Sarmi Tahun 2020","2020-12-30 10:00:00","02082021183616WhatsApp Image 2021-08-01 at 2.03.15 PM.jpeg","<p>Musyawarah Daerah IV Dharma Wanita Persatuan Kabupaten Sarmi Tahun 2020 dengan Tema &quot;Optimalisasi Kinerja DWP Sebagai Strategis Pemerintah Untuk Suksesnya Pembangunan Nasional dilaksanakan pada 30 Desember 2020.</p>
","13");
INSERT INTO tbl_publik VALUES("PUB-000005","USE-000002","2","Pengukuhan Pengurus Dharma Wanita Persatuan Kabupaten Sarmi Masa Bakti 2019 - 2024","2020-01-01 11:00:00","02082021184115WhatsApp Image 2021-08-01 at 2.03.21 PM.jpeg","<p>Pengukuhan Pengurus Dharma Wanita Persatuan Kabupaten Sarmi Masa Bakti 2019 - 2024Pengukuhan Pengurus Dharma Wanita Persatuan Kabupaten Sarmi Masa Bakti 2019 - 2024Pengukuhan Pengurus Dharma Wanita Persatuan Kabupaten Sarmi Masa Bakti 2019 - 2024Pengukuhan Pengurus Dharma Wanita Persatuan Kabupaten Sarmi Masa Bakti 2019 - 2024Pengukuhan Pengurus Dharma Wanita Persatuan Kabupaten Sarmi Masa Bakti 2019 - 2024Pengukuhan Pengurus Dharma Wanita Persatuan Kabupaten Sarmi Masa Bakti 2019 - 2024Pengukuhan Pengurus Dharma Wanita Persatuan Kabupaten Sarmi Masa Bakti 2019 - 2024Pengukuhan Pengurus Dharma Wanita Persatuan Kabupaten Sarmi Masa Bakti 2019 - 2024Pengukuhan Pengurus Dharma Wanita Persatuan Kabupaten Sarmi Masa Bakti 2019 - 2024</p>

<p>&nbsp;</p>

<p>Pengukuhan Pengurus Dharma Wanita Persatuan Kabupaten Sarmi Masa Bakti 2019 - 2024Pengukuhan Pengurus Dharma Wanita Persatuan Kabupaten Sarmi Masa Bakti 2019 - 2024Pengukuhan Pengurus Dharma Wanita Persatuan Kabupaten Sarmi Masa Bakti 2019 - 2024Pengukuhan Pengurus Dharma Wanita Persatuan Kabupaten Sarmi Masa Bakti 2019 - 2024Pengukuhan Pengurus Dharma Wanita Persatuan Kabupaten Sarmi Masa Bakti 2019 - 2024Pengukuhan Pengurus Dharma Wanita Persatuan Kabupaten Sarmi Masa Bakti 2019 - 2024Pengukuhan Pengurus Dharma Wanita Persatuan Kabupaten Sarmi Masa Bakti 2019 - 2024</p>
","17");
INSERT INTO tbl_publik VALUES("PUB-000006","USE-000002","1","DWP Kabupaten Sarmi Kerjabakti Bersama Dinas Lingkungan Hidup","2021-09-25 08:00:00","27092021112537WhatsApp Image 2021-09-24 at 12.21.44 PM.jpeg","<p align="justify">Dikutip dari <font color="blue"><i>suaraportnumbay.com</i></font>, Sarmi, -Dalam rangka menjaga lingkungan masyarakat tetap bersih maka Darma Wanita Kabupaten Sarmi bekerja sama dengan Dinas Lingkungan Hidup melaksanakan Jumat bersih&nbsp;Bertempat di Pasar Kampung Sarmo&nbsp;pada Jumat (24/9).</p>


<p align="justify">Turut hadir dalam kegiatan tersebut Ketua Darma Wanita Persatuan Kabupaten Sarmi, Rantina Bakai, Kepala Bidang Persampahan Dinas Lingkungan Hidup Agus Karubaba, S.Hut, Kepala Kampung Sarmo, Abraham Sobey dan&nbsp; seluruh anggota Darma Wanita Persatuan Kabupaten Sarmi.</p>

<p align="justify">Di sela-sela kegiatan Jumaat bersih ini Rantina Bakai mengatakan &quot;kegiatan Jumat bersih ini adalah program dari sosial budaya, karena selama ini Darma Wanita vacum, kegiatan ini didukung dengar anggaran kerja tahun 2020 yang baru di realisasikan tahun 2021 ini. Kegiatan ini juga didukung oleh Dinas Lingkungan Hidup dan instansi lain. Rantina (Ketua DWP) juga berpesan kepada masyarakat Kabupaten Sarmi untuk tetap menjaga kebersihan lingkungan, jangan buang sampah sembarang, buanglah sampah pada tempatnya tukas istri Sekda Kabupaten Sarmi tersebut.</p>


<p align="justify">Pada&nbsp; kesempatan kegiatan ini juga Kepala Bidang Persampahan Dinas Lingkungan Hidup Kabupaten Sarmi Agustinus Karubaba, S.Hut mengatakan &quot;Kami dari Dinas Lingkungan Hidup bertujuan untuk tetap menjaga kebersihan lingkungan di wilayah Kabupaten Sarmi lebih khusus di wilayah Distrik Sarmi Kota.</p>


<p align="justify">Agustinus juga menyampaikan Dinas Lingkungan Hidup akan terus mendukung kegiatan-kegiatan yang berkaitan kebersihan lingkungan dan juga akan menyiapkan sarana prasarana seperti armada truck sampah dan motor pengangkut sampah ke bak-bak sampah yang tersedia di wilayah Distrik Sarmi&nbsp;</p>


<p align="justify">Seluruh kegiatan Jumat bersih ini ditutup dengan makan bersama dan photo bersama bapak Sekda Kabupaten Sarmi Elias Bakai, SE.</p>
","35");



CREATE TABLE `tbl_statistik` (
  `staId` varchar(15) NOT NULL,
  `staIp` varchar(25) NOT NULL,
  `staTanggal` date NOT NULL,
  `staHits` int(11) NOT NULL,
  `staOnline` varchar(50) NOT NULL,
  PRIMARY KEY (`staId`)
) ENGINE=InnoDB DEFAULT CHARSET=utf8mb4 COLLATE=utf8mb4_general_ci;

INSERT INTO tbl_statistik VALUES("STA-00000000001","::1","2021-08-02","348","1627857985");
INSERT INTO tbl_statistik VALUES("STA-00000000002","::1","2021-08-03","147","1627916585");
INSERT INTO tbl_statistik VALUES("STA-00000000003","114.125.135.109","2021-08-09","21","1628478839");
INSERT INTO tbl_statistik VALUES("STA-00000000004","36.92.180.85","2021-08-09","2","1628488647");
INSERT INTO tbl_statistik VALUES("STA-00000000005","114.125.138.226","2021-08-09","1","1628489231");
INSERT INTO tbl_statistik VALUES("STA-00000000006","114.125.139.246","2021-08-09","1","1628489324");
INSERT INTO tbl_statistik VALUES("STA-00000000007","114.125.139.87","2021-08-09","1","1628489339");
INSERT INTO tbl_statistik VALUES("STA-00000000008","36.90.145.206","2021-08-09","3","1628492679");
INSERT INTO tbl_statistik VALUES("STA-00000000009","180.249.201.90","2021-08-09","2","1628512936");
INSERT INTO tbl_statistik VALUES("STA-00000000010","114.125.134.143","2021-08-09","1","1628513362");
INSERT INTO tbl_statistik VALUES("STA-00000000011","212.83.146.233","2021-08-10","1","1628585822");
INSERT INTO tbl_statistik VALUES("STA-00000000012","51.15.191.81","2021-08-10","1","1628587005");
INSERT INTO tbl_statistik VALUES("STA-00000000013","114.125.136.178","2021-08-21","1","1629473631");
INSERT INTO tbl_statistik VALUES("STA-00000000014","114.125.137.30","2021-08-21","5","1629473712");
INSERT INTO tbl_statistik VALUES("STA-00000000015","114.125.137.114","2021-08-21","1","1629473722");
INSERT INTO tbl_statistik VALUES("STA-00000000016","114.125.137.184","2021-08-21","1","1629473732");
INSERT INTO tbl_statistik VALUES("STA-00000000017","114.125.137.39","2021-08-21","2","1629474079");
INSERT INTO tbl_statistik VALUES("STA-00000000018","114.125.137.28","2021-08-21","1","1629474448");
INSERT INTO tbl_statistik VALUES("STA-00000000019","114.125.136.8","2021-08-21","2","1629474482");
INSERT INTO tbl_statistik VALUES("STA-00000000020","114.125.137.23","2021-08-21","6","1629474486");
INSERT INTO tbl_statistik VALUES("STA-00000000021","114.125.136.31","2021-08-21","3","1629474551");
INSERT INTO tbl_statistik VALUES("STA-00000000022","114.125.137.102","2021-08-21","6","1629474557");
INSERT INTO tbl_statistik VALUES("STA-00000000023","114.125.136.199","2021-08-21","2","1629474588");
INSERT INTO tbl_statistik VALUES("STA-00000000024","114.125.137.177","2021-08-21","4","1629474944");
INSERT INTO tbl_statistik VALUES("STA-00000000025","114.125.137.7","2021-08-21","1","1629475065");
INSERT INTO tbl_statistik VALUES("STA-00000000026","114.125.136.45","2021-08-21","1","1629475142");
INSERT INTO tbl_statistik VALUES("STA-00000000027","114.125.137.125","2021-08-21","1","1629475148");
INSERT INTO tbl_statistik VALUES("STA-00000000028","114.125.136.122","2021-08-21","1","1629475185");
INSERT INTO tbl_statistik VALUES("STA-00000000029","144.86.173.69","2021-08-21","1","1629482679");
INSERT INTO tbl_statistik VALUES("STA-00000000030","92.118.160.5","2021-08-23","1","1629667290");
INSERT INTO tbl_statistik VALUES("STA-00000000031","144.86.173.73","2021-08-24","1","1629808145");
INSERT INTO tbl_statistik VALUES("STA-00000000032","144.86.173.11","2021-08-25","1","1629885550");
INSERT INTO tbl_statistik VALUES("STA-00000000033","92.118.160.1","2021-08-28","1","1630090506");
INSERT INTO tbl_statistik VALUES("STA-00000000034","144.86.173.148","2021-08-28","1","1630118327");
INSERT INTO tbl_statistik VALUES("STA-00000000035","144.86.173.159","2021-08-28","1","1630121851");
INSERT INTO tbl_statistik VALUES("STA-00000000036","92.118.160.45","2021-08-29","1","1630202345");
INSERT INTO tbl_statistik VALUES("STA-00000000037","144.86.173.12","2021-09-07","1","1630970104");
INSERT INTO tbl_statistik VALUES("STA-00000000038","114.125.133.84","2021-09-07","2","1630974250");
INSERT INTO tbl_statistik VALUES("STA-00000000039","144.86.173.150","2021-09-08","1","1631036223");
INSERT INTO tbl_statistik VALUES("STA-00000000040","36.91.97.70","2021-09-08","40","1631047180");
INSERT INTO tbl_statistik VALUES("STA-00000000041","165.227.65.253","2021-09-08","1","1631047184");
INSERT INTO tbl_statistik VALUES("STA-00000000042","114.125.132.104","2021-09-08","67","1631053002");
INSERT INTO tbl_statistik VALUES("STA-00000000043","114.125.138.142","2021-09-08","1","1631057161");
INSERT INTO tbl_statistik VALUES("STA-00000000044","114.125.139.211","2021-09-08","1","1631057195");
INSERT INTO tbl_statistik VALUES("STA-00000000045","114.125.138.224","2021-09-08","1","1631057263");
INSERT INTO tbl_statistik VALUES("STA-00000000046","114.125.139.94","2021-09-08","1","1631057329");
INSERT INTO tbl_statistik VALUES("STA-00000000047","114.125.138.214","2021-09-08","1","1631057369");
INSERT INTO tbl_statistik VALUES("STA-00000000048","114.125.138.236","2021-09-08","1","1631057382");
INSERT INTO tbl_statistik VALUES("STA-00000000049","114.125.136.110","2021-09-08","1","1631068569");
INSERT INTO tbl_statistik VALUES("STA-00000000050","114.125.136.1","2021-09-08","1","1631068569");
INSERT INTO tbl_statistik VALUES("STA-00000000051","114.125.137.112","2021-09-08","1","1631068802");
INSERT INTO tbl_statistik VALUES("STA-00000000052","114.125.137.163","2021-09-08","1","1631068817");
INSERT INTO tbl_statistik VALUES("STA-00000000053","36.91.97.70","2021-09-09","1","1631136939");
INSERT INTO tbl_statistik VALUES("STA-00000000054","36.91.97.70","2021-09-10","1","1631206553");
INSERT INTO tbl_statistik VALUES("STA-00000000055","144.86.173.146","2021-09-10","1","1631236426");
INSERT INTO tbl_statistik VALUES("STA-00000000056","182.1.218.207","2021-09-10","1","1631262264");
INSERT INTO tbl_statistik VALUES("STA-00000000057","144.86.173.92","2021-09-11","1","1631348571");
INSERT INTO tbl_statistik VALUES("STA-00000000058","92.118.160.17","2021-09-13","1","1631492181");
INSERT INTO tbl_statistik VALUES("STA-00000000059","92.118.160.61","2021-09-13","1","1631530921");
INSERT INTO tbl_statistik VALUES("STA-00000000060","34.77.162.11","2021-09-14","1","1631597818");
INSERT INTO tbl_statistik VALUES("STA-00000000061","182.1.215.244","2021-09-17","14","1631828371");
INSERT INTO tbl_statistik VALUES("STA-00000000062","34.77.162.26","2021-09-17","1","1631845109");
INSERT INTO tbl_statistik VALUES("STA-00000000063","114.125.136.232","2021-09-17","1","1631847483");
INSERT INTO tbl_statistik VALUES("STA-00000000064","114.125.137.51","2021-09-17","1","1631847662");
INSERT INTO tbl_statistik VALUES("STA-00000000065","114.125.133.212","2021-09-17","8","1631847682");
INSERT INTO tbl_statistik VALUES("STA-00000000066","114.125.136.52","2021-09-17","2","1631847695");
INSERT INTO tbl_statistik VALUES("STA-00000000067","114.125.134.57","2021-09-17","1","1631847820");
INSERT INTO tbl_statistik VALUES("STA-00000000068","114.125.136.146","2021-09-17","1","1631847848");
INSERT INTO tbl_statistik VALUES("STA-00000000069","114.125.137.79","2021-09-17","1","1631847859");
INSERT INTO tbl_statistik VALUES("STA-00000000070","114.125.137.84","2021-09-17","1","1631848005");
INSERT INTO tbl_statistik VALUES("STA-00000000071","114.125.136.50","2021-09-17","1","1631848282");
INSERT INTO tbl_statistik VALUES("STA-00000000072","114.125.137.242","2021-09-17","1","1631848354");
INSERT INTO tbl_statistik VALUES("STA-00000000073","182.1.191.218","2021-09-17","2","1631848387");
INSERT INTO tbl_statistik VALUES("STA-00000000074","114.125.137.67","2021-09-17","2","1631848561");
INSERT INTO tbl_statistik VALUES("STA-00000000075","114.125.136.243","2021-09-17","1","1631848644");
INSERT INTO tbl_statistik VALUES("STA-00000000076","114.125.137.81","2021-09-17","1","1631848706");
INSERT INTO tbl_statistik VALUES("STA-00000000077","114.125.137.140","2021-09-17","1","1631849151");
INSERT INTO tbl_statistik VALUES("STA-00000000078","180.242.140.210","2021-09-17","4","1631869716");
INSERT INTO tbl_statistik VALUES("STA-00000000079","182.1.171.84","2021-09-18","10","1631966950");
INSERT INTO tbl_statistik VALUES("STA-00000000080","34.77.162.6","2021-09-19","1","1631985585");
INSERT INTO tbl_statistik VALUES("STA-00000000081","92.118.160.1","2021-09-20","1","1632128161");
INSERT INTO tbl_statistik VALUES("STA-00000000082","92.118.160.45","2021-09-21","1","1632188745");
INSERT INTO tbl_statistik VALUES("STA-00000000083","51.158.127.119","2021-09-22","1","1632288418");
INSERT INTO tbl_statistik VALUES("STA-00000000084","193.56.29.48","2021-09-24","2","1632410107");
INSERT INTO tbl_statistik VALUES("STA-00000000085","182.1.166.122","2021-09-27","87","1632698478");
INSERT INTO tbl_statistik VALUES("STA-00000000086","114.125.135.50","2021-09-27","1","1632711318");
INSERT INTO tbl_statistik VALUES("STA-00000000087","182.1.163.22","2021-09-27","2","1632711675");
INSERT INTO tbl_statistik VALUES("STA-00000000088","68.183.159.18","2021-09-30","1","1633000289");
INSERT INTO tbl_statistik VALUES("STA-00000000089","103.153.76.123","2021-10-03","1","1633235741");
INSERT INTO tbl_statistik VALUES("STA-00000000090","172.82.128.232","2021-10-05","1","1633389595");
INSERT INTO tbl_statistik VALUES("STA-00000000091","134.209.174.111","2021-10-05","1","1633396615");
INSERT INTO tbl_statistik VALUES("STA-00000000092","193.56.29.48","2021-10-05","1","1633426407");
INSERT INTO tbl_statistik VALUES("STA-00000000093","154.127.53.85","2021-10-08","1","1633643583");
INSERT INTO tbl_statistik VALUES("STA-00000000094","36.91.97.70","2021-10-10","15","1633852733");
INSERT INTO tbl_statistik VALUES("STA-00000000095","34.86.35.16","2021-10-12","1","1634000455");
INSERT INTO tbl_statistik VALUES("STA-00000000096","34.86.35.27","2021-10-12","1","1634046234");
INSERT INTO tbl_statistik VALUES("STA-00000000097","34.96.130.11","2021-10-15","1","1634307266");
INSERT INTO tbl_statistik VALUES("STA-00000000098","34.86.35.15","2021-10-16","1","1634358770");
INSERT INTO tbl_statistik VALUES("STA-00000000099","92.118.160.45","2021-10-17","1","1634435665");
INSERT INTO tbl_statistik VALUES("STA-00000000100","92.118.160.9","2021-10-19","1","1634576753");
INSERT INTO tbl_statistik VALUES("STA-00000000101","34.86.35.9","2021-10-19","1","1634598781");
INSERT INTO tbl_statistik VALUES("STA-00000000102","34.96.130.16","2021-10-20","1","1634670009");
INSERT INTO tbl_statistik VALUES("STA-00000000103","162.142.125.60","2021-10-22","4","1634890886");
INSERT INTO tbl_statistik VALUES("STA-00000000104","51.15.195.246","2021-10-23","1","1634992898");
INSERT INTO tbl_statistik VALUES("STA-00000000105","176.53.219.94","2021-10-25","1","1635114850");
INSERT INTO tbl_statistik VALUES("STA-00000000106","62.4.14.198","2021-10-25","1","1635147487");
INSERT INTO tbl_statistik VALUES("STA-00000000107","51.254.49.109","2021-10-25","1","1635152129");
INSERT INTO tbl_statistik VALUES("STA-00000000108","143.198.127.216","2021-10-27","1","1635280809");
INSERT INTO tbl_statistik VALUES("STA-00000000109","36.91.97.70","2021-10-28","7","1635396707");
INSERT INTO tbl_statistik VALUES("STA-00000000110","114.125.136.65","2021-10-28","1","1635396784");
INSERT INTO tbl_statistik VALUES("STA-00000000111","114.125.137.252","2021-10-28","2","1635397270");
INSERT INTO tbl_statistik VALUES("STA-00000000112","114.125.137.217","2021-10-28","1","1635397364");
INSERT INTO tbl_statistik VALUES("STA-00000000113","36.91.97.70","2021-10-29","1","1635470758");
INSERT INTO tbl_statistik VALUES("STA-00000000114","114.125.138.192","2021-10-29","1","1635470764");
INSERT INTO tbl_statistik VALUES("STA-00000000115","182.1.173.123","2021-10-29","8","1635471582");
INSERT INTO tbl_statistik VALUES("STA-00000000116","161.77.82.219","2021-10-29","1","1635472444");
INSERT INTO tbl_statistik VALUES("STA-00000000117","114.125.138.95","2021-10-29","1","1635473287");
INSERT INTO tbl_statistik VALUES("STA-00000000118","161.35.130.86","2021-11-04","1","1636024478");
INSERT INTO tbl_statistik VALUES("STA-00000000119","34.77.162.3","2021-11-05","1","1636082665");
INSERT INTO tbl_statistik VALUES("STA-00000000120","34.86.35.9","2021-11-06","1","1636129668");
INSERT INTO tbl_statistik VALUES("STA-00000000121","92.118.160.41","2021-11-07","1","1636221309");
INSERT INTO tbl_statistik VALUES("STA-00000000122","34.77.162.2","2021-11-09","1","1636403179");
INSERT INTO tbl_statistik VALUES("STA-00000000123","92.118.160.41","2021-11-09","1","1636426414");
INSERT INTO tbl_statistik VALUES("STA-00000000124","34.86.35.25","2021-11-10","1","1636511989");
INSERT INTO tbl_statistik VALUES("STA-00000000125","40.77.65.140","2021-11-12","1","1636657240");
INSERT INTO tbl_statistik VALUES("STA-00000000126","34.96.130.10","2021-11-13","1","1636773876");
INSERT INTO tbl_statistik VALUES("STA-00000000127","45.77.44.205","2021-11-13","2","1636780352");
INSERT INTO tbl_statistik VALUES("STA-00000000128","92.118.160.1","2021-11-14","1","1636827935");
INSERT INTO tbl_statistik VALUES("STA-00000000129","107.172.100.248","2021-11-14","3","1636850774");
INSERT INTO tbl_statistik VALUES("STA-00000000130","92.118.160.5","2021-11-14","1","1636884927");
INSERT INTO tbl_statistik VALUES("STA-00000000131","172.255.125.174","2021-11-16","1","1636995195");
INSERT INTO tbl_statistik VALUES("STA-00000000132","34.96.130.27","2021-11-16","1","1637042428");
INSERT INTO tbl_statistik VALUES("STA-00000000133","141.94.104.76","2021-11-17","1","1637132508");
INSERT INTO tbl_statistik VALUES("STA-00000000134","167.248.133.59","2021-11-20","4","1637341647");
INSERT INTO tbl_statistik VALUES("STA-00000000135","43.135.170.79","2021-11-23","8","1637636916");
INSERT INTO tbl_statistik VALUES("STA-00000000136","36.91.97.70","2021-11-23","4","1637643464");
INSERT INTO tbl_statistik VALUES("STA-00000000137","114.125.138.60","2021-11-23","1","1637643530");
INSERT INTO tbl_statistik VALUES("STA-00000000138","167.172.66.93","2021-11-26","3","1637880283");
INSERT INTO tbl_statistik VALUES("STA-00000000139","51.158.108.77","2021-11-27","1","1637953695");
INSERT INTO tbl_statistik VALUES("STA-00000000140","114.125.134.8","2021-11-30","7","1638244365");
INSERT INTO tbl_statistik VALUES("STA-00000000141","36.91.97.70","2021-12-01","1","1638326188");
INSERT INTO tbl_statistik VALUES("STA-00000000142","180.249.202.66","2021-12-01","11","1638330056");
INSERT INTO tbl_statistik VALUES("STA-00000000143","2001:67c:2628:647:16::b3","2021-12-01","2","1638334376");
INSERT INTO tbl_statistik VALUES("STA-00000000144","114.125.133.219","2021-12-01","1","1638336874");
INSERT INTO tbl_statistik VALUES("STA-00000000145","36.91.97.70","2021-12-02","1","1638406091");
INSERT INTO tbl_statistik VALUES("STA-00000000146","180.249.202.66","2021-12-02","2","1638425626");
INSERT INTO tbl_statistik VALUES("STA-00000000147","104.248.1.153","2021-12-02","1","1638449914");
INSERT INTO tbl_statistik VALUES("STA-00000000148","213.238.179.87","2021-12-03","1","1638516820");
INSERT INTO tbl_statistik VALUES("STA-00000000149","167.71.174.47","2021-12-07","1","1638839493");
INSERT INTO tbl_statistik VALUES("STA-00000000150","107.150.63.170","2021-12-07","1","1638840832");
INSERT INTO tbl_statistik VALUES("STA-00000000151","217.79.243.148","2021-12-10","1","1639062510");
INSERT INTO tbl_statistik VALUES("STA-00000000152","103.77.107.138","2021-12-11","1","1639166298");
INSERT INTO tbl_statistik VALUES("STA-00000000153","147.135.51.180","2021-12-12","1","1639286871");
INSERT INTO tbl_statistik VALUES("STA-00000000154","213.226.118.123","2021-12-20","1","1639938116");
INSERT INTO tbl_statistik VALUES("STA-00000000155","87.250.224.122","2021-12-20","31","1639980266");
INSERT INTO tbl_statistik VALUES("STA-00000000156","87.250.224.98","2021-12-20","43","1639980421");
INSERT INTO tbl_statistik VALUES("STA-00000000157","87.250.224.48","2021-12-20","1","1639980477");
INSERT INTO tbl_statistik VALUES("STA-00000000158","5.255.253.179","2021-12-20","4","1639980856");
INSERT INTO tbl_statistik VALUES("STA-00000000159","213.226.118.123","2021-12-21","1","1640035125");
INSERT INTO tbl_statistik VALUES("STA-00000000160","213.226.118.123","2021-12-22","4","1640171071");
INSERT INTO tbl_statistik VALUES("STA-00000000161","40.77.167.77","2021-12-24","1","1640275336");
INSERT INTO tbl_statistik VALUES("STA-00000000162","213.226.118.123","2021-12-24","1","1640347493");
INSERT INTO tbl_statistik VALUES("STA-00000000163","77.88.5.250","2021-12-25","4","1640381967");
INSERT INTO tbl_statistik VALUES("STA-00000000164","77.88.5.219","2021-12-25","1","1640381988");
INSERT INTO tbl_statistik VALUES("STA-00000000165","77.88.5.135","2021-12-25","1","1640381991");
INSERT INTO tbl_statistik VALUES("STA-00000000166","77.88.5.216","2021-12-25","1","1640381994");
INSERT INTO tbl_statistik VALUES("STA-00000000167","77.88.5.68","2021-12-25","19","1640381997");
INSERT INTO tbl_statistik VALUES("STA-00000000168","77.88.5.68","2021-12-26","3","1640489102");
INSERT INTO tbl_statistik VALUES("STA-00000000169","138.197.97.219","2021-12-28","1","1640634846");
INSERT INTO tbl_statistik VALUES("STA-00000000170","77.88.5.68","2021-12-28","2","1640674670");
INSERT INTO tbl_statistik VALUES("STA-00000000171","216.244.66.244","2021-12-29","1","1640738547");
INSERT INTO tbl_statistik VALUES("STA-00000000172","40.77.167.77","2021-12-29","1","1640787996");
INSERT INTO tbl_statistik VALUES("STA-00000000173","77.88.5.68","2021-12-30","1","1640806255");
INSERT INTO tbl_statistik VALUES("STA-00000000174","51.158.108.61","2022-01-01","1","1640986255");
INSERT INTO tbl_statistik VALUES("STA-00000000175","216.244.66.244","2022-01-01","4","1640993067");
INSERT INTO tbl_statistik VALUES("STA-00000000176","216.244.66.244","2022-01-02","9","1641061002");
INSERT INTO tbl_statistik VALUES("STA-00000000177","216.244.66.244","2022-01-03","7","1641145855");
INSERT INTO tbl_statistik VALUES("STA-00000000178","77.88.5.68","2022-01-03","1","1641147212");
INSERT INTO tbl_statistik VALUES("STA-00000000179","164.90.139.192","2022-01-03","1","1641158658");
INSERT INTO tbl_statistik VALUES("STA-00000000180","216.244.66.244","2022-01-04","3","1641235961");
INSERT INTO tbl_statistik VALUES("STA-00000000181","40.77.167.77","2022-01-04","1","1641303771");
INSERT INTO tbl_statistik VALUES("STA-00000000182","216.244.66.244","2022-01-05","1","1641348759");
INSERT INTO tbl_statistik VALUES("STA-00000000183","216.244.66.244","2022-01-06","3","1641444674");
INSERT INTO tbl_statistik VALUES("STA-00000000184","216.244.66.244","2022-01-07","8","1641483500");
INSERT INTO tbl_statistik VALUES("STA-00000000185","216.244.66.244","2022-01-08","2","1641569094");
INSERT INTO tbl_statistik VALUES("STA-00000000186","143.198.11.23","2022-01-08","1","1641617928");
INSERT INTO tbl_statistik VALUES("STA-00000000187","216.244.66.244","2022-01-09","10","1641668561");
INSERT INTO tbl_statistik VALUES("STA-00000000188","89.104.101.90","2022-01-09","1","1641675354");
INSERT INTO tbl_statistik VALUES("STA-00000000189","195.154.61.206","2022-01-09","1","1641718484");
INSERT INTO tbl_statistik VALUES("STA-00000000190","216.244.66.244","2022-01-10","6","1641740406");
INSERT INTO tbl_statistik VALUES("STA-00000000191","45.90.63.68","2022-01-10","1","1641760540");
INSERT INTO tbl_statistik VALUES("STA-00000000192","40.77.167.77","2022-01-10","1","1641821665");
INSERT INTO tbl_statistik VALUES("STA-00000000193","147.135.127.241","2022-01-12","1","1641935872");
INSERT INTO tbl_statistik VALUES("STA-00000000194","216.244.66.244","2022-01-12","6","1641966852");
INSERT INTO tbl_statistik VALUES("STA-00000000195","216.244.66.244","2022-01-13","1","1642005652");
INSERT INTO tbl_statistik VALUES("STA-00000000196","40.77.167.31","2022-01-13","1","1642046153");
INSERT INTO tbl_statistik VALUES("STA-00000000197","77.88.5.68","2022-01-13","1","1642061272");
INSERT INTO tbl_statistik VALUES("STA-00000000198","77.88.5.250","2022-01-14","1","1642097137");
INSERT INTO tbl_statistik VALUES("STA-00000000199","77.88.5.68","2022-01-14","1","1642134636");
INSERT INTO tbl_statistik VALUES("STA-00000000200","95.108.213.36","2022-01-15","2","1642209859");
INSERT INTO tbl_statistik VALUES("STA-00000000201","213.180.203.184","2022-01-15","1","1642212580");
INSERT INTO tbl_statistik VALUES("STA-00000000202","92.118.160.17","2022-01-15","1","1642226780");
INSERT INTO tbl_statistik VALUES("STA-00000000203","95.108.213.36","2022-01-16","2","1642287269");
INSERT INTO tbl_statistik VALUES("STA-00000000204","40.77.167.31","2022-01-16","1","1642336499");
INSERT INTO tbl_statistik VALUES("STA-00000000205","95.108.213.36","2022-01-17","1","1642353241");
INSERT INTO tbl_statistik VALUES("STA-00000000206","92.118.160.9","2022-01-17","1","1642403521");
INSERT INTO tbl_statistik VALUES("STA-00000000207","77.88.5.33","2022-01-17","1","1642414380");
INSERT INTO tbl_statistik VALUES("STA-00000000208","34.77.162.0","2022-01-18","1","1642465908");
INSERT INTO tbl_statistik VALUES("STA-00000000209","40.77.167.29","2022-01-19","1","1642601500");
INSERT INTO tbl_statistik VALUES("STA-00000000210","207.46.13.215","2022-01-20","1","1642616570");
INSERT INTO tbl_statistik VALUES("STA-00000000211","157.55.39.32","2022-01-21","2","1642702731");
INSERT INTO tbl_statistik VALUES("STA-00000000212","34.86.35.6","2022-01-21","1","1642720983");
INSERT INTO tbl_statistik VALUES("STA-00000000213","212.47.251.118","2022-01-21","1","1642756763");
INSERT INTO tbl_statistik VALUES("STA-00000000214","92.118.160.37","2022-01-22","2","1642788808");
INSERT INTO tbl_statistik VALUES("STA-00000000215","77.88.5.52","2022-01-22","1","1642831179");
INSERT INTO tbl_statistik VALUES("STA-00000000216","207.46.13.48","2022-01-23","1","1642935390");
INSERT INTO tbl_statistik VALUES("STA-00000000217","168.61.40.169","2022-01-24","1","1642965538");
INSERT INTO tbl_statistik VALUES("STA-00000000218","114.125.137.9","2022-01-24","1","1642990267");
INSERT INTO tbl_statistik VALUES("STA-00000000219","157.55.39.43","2022-01-24","1","1643001400");
INSERT INTO tbl_statistik VALUES("STA-00000000220","77.88.5.174","2022-01-24","1","1643036203");
INSERT INTO tbl_statistik VALUES("STA-00000000221","34.86.35.25","2022-01-25","1","1643068409");
INSERT INTO tbl_statistik VALUES("STA-00000000222","167.94.138.42","2022-01-25","2","1643121184");
INSERT INTO tbl_statistik VALUES("STA-00000000223","34.96.130.25","2022-01-26","1","1643174664");
INSERT INTO tbl_statistik VALUES("STA-00000000224","157.55.39.94","2022-01-29","1","1643404267");
INSERT INTO tbl_statistik VALUES("STA-00000000225","147.135.127.241","2022-01-29","1","1643434885");
INSERT INTO tbl_statistik VALUES("STA-00000000226","167.71.103.82","2022-01-30","1","1643518054");
INSERT INTO tbl_statistik VALUES("STA-00000000227","87.250.224.87","2022-02-01","1","1643681637");
INSERT INTO tbl_statistik VALUES("STA-00000000228","114.125.133.232","2022-02-01","6","1643695636");
INSERT INTO tbl_statistik VALUES("STA-00000000229","207.46.13.143","2022-02-01","1","1643720782");
INSERT INTO tbl_statistik VALUES("STA-00000000230","167.94.138.61","2022-02-02","2","1643729076");
INSERT INTO tbl_statistik VALUES("STA-00000000231","87.250.224.186","2022-02-03","1","1643838080");
INSERT INTO tbl_statistik VALUES("STA-00000000232","87.250.224.61","2022-02-03","1","1643838446");
INSERT INTO tbl_statistik VALUES("STA-00000000233","87.250.224.186","2022-02-04","2","1643903116");
INSERT INTO tbl_statistik VALUES("STA-00000000234","68.183.157.254","2022-02-06","1","1644100461");
INSERT INTO tbl_statistik VALUES("STA-00000000235","207.46.13.151","2022-02-09","1","1644354698");
INSERT INTO tbl_statistik VALUES("STA-00000000236","40.77.167.5","2022-02-10","1","1644472289");
INSERT INTO tbl_statistik VALUES("STA-00000000237","87.250.224.186","2022-02-10","4","1644484166");
INSERT INTO tbl_statistik VALUES("STA-00000000238","87.250.224.61","2022-02-10","1","1644484287");
INSERT INTO tbl_statistik VALUES("STA-00000000239","34.96.130.0","2022-02-11","1","1644521996");
INSERT INTO tbl_statistik VALUES("STA-00000000240","87.250.224.186","2022-02-11","1","1644566377");
INSERT INTO tbl_statistik VALUES("STA-00000000241","92.118.160.5","2022-02-13","1","1644687263");
INSERT INTO tbl_statistik VALUES("STA-00000000242","157.55.39.146","2022-02-13","1","1644720673");
INSERT INTO tbl_statistik VALUES("STA-00000000243","207.46.13.211","2022-02-13","1","1644727799");
INSERT INTO tbl_statistik VALUES("STA-00000000244","92.118.160.9","2022-02-13","1","1644731261");
INSERT INTO tbl_statistik VALUES("STA-00000000245","36.32.3.34","2022-02-13","1","1644737239");
INSERT INTO tbl_statistik VALUES("STA-00000000246","93.113.111.25","2022-02-14","1","1644783497");
INSERT INTO tbl_statistik VALUES("STA-00000000247","157.55.39.224","2022-02-14","1","1644784656");
INSERT INTO tbl_statistik VALUES("STA-00000000248","157.55.39.145","2022-02-14","1","1644811757");
INSERT INTO tbl_statistik VALUES("STA-00000000249","87.250.224.61","2022-02-16","1","1644967508");
INSERT INTO tbl_statistik VALUES("STA-00000000250","47.242.120.122","2022-02-17","1","1645026984");
INSERT INTO tbl_statistik VALUES("STA-00000000251","8.210.217.80","2022-02-17","1","1645040740");
INSERT INTO tbl_statistik VALUES("STA-00000000252","209.141.41.193","2022-02-17","1","1645090261");
INSERT INTO tbl_statistik VALUES("STA-00000000253","101.227.1.196","2022-02-17","1","1645090270");
INSERT INTO tbl_statistik VALUES("STA-00000000254","163.172.180.25","2022-02-18","1","1645110148");
INSERT INTO tbl_statistik VALUES("STA-00000000255","157.55.39.188","2022-02-19","1","1645208120");
INSERT INTO tbl_statistik VALUES("STA-00000000256","87.250.224.186","2022-02-19","2","1645214411");
INSERT INTO tbl_statistik VALUES("STA-00000000257","162.142.125.213","2022-02-19","2","1645282226");
INSERT INTO tbl_statistik VALUES("STA-00000000258","87.250.224.186","2022-02-20","1","1645314610");
INSERT INTO tbl_statistik VALUES("STA-00000000259","157.55.39.8","2022-02-21","1","1645393290");
INSERT INTO tbl_statistik VALUES("STA-00000000260","89.252.156.152","2022-02-21","1","1645401960");
INSERT INTO tbl_statistik VALUES("STA-00000000261","95.108.213.71","2022-02-22","1","1645490137");
INSERT INTO tbl_statistik VALUES("STA-00000000262","36.91.97.70","2022-02-22","1","1645504393");
INSERT INTO tbl_statistik VALUES("STA-00000000263","157.55.39.8","2022-02-24","1","1645670441");
INSERT INTO tbl_statistik VALUES("STA-00000000264","5.255.253.186","2022-02-24","1","1645674770");
INSERT INTO tbl_statistik VALUES("STA-00000000265","104.210.216.186","2022-02-24","2","1645699883");
INSERT INTO tbl_statistik VALUES("STA-00000000266","116.206.228.181","2022-02-28","6","1646058358");
INSERT INTO tbl_statistik VALUES("STA-00000000267","5.255.253.126","2022-03-01","2","1646075272");
INSERT INTO tbl_statistik VALUES("STA-00000000268","89.252.156.152","2022-03-01","2","1646096270");
INSERT INTO tbl_statistik VALUES("STA-00000000269","114.125.221.25","2022-03-01","8","1646123759");
INSERT INTO tbl_statistik VALUES("STA-00000000270","87.250.224.85","2022-03-01","1","1646139861");
INSERT INTO tbl_statistik VALUES("STA-00000000271","207.46.13.217","2022-03-02","1","1646150420");
INSERT INTO tbl_statistik VALUES("STA-00000000272","212.192.241.10","2022-03-03","1","1646263706");
INSERT INTO tbl_statistik VALUES("STA-00000000273","87.250.224.190","2022-03-03","2","1646297471");
INSERT INTO tbl_statistik VALUES("STA-00000000274","213.180.203.20","2022-03-03","1","1646308764");
INSERT INTO tbl_statistik VALUES("STA-00000000275","87.250.224.190","2022-03-05","1","1646435690");
INSERT INTO tbl_statistik VALUES("STA-00000000276","87.250.224.190","2022-03-06","2","1646492777");
INSERT INTO tbl_statistik VALUES("STA-00000000277","154.212.160.170","2022-03-06","2","1646532536");
INSERT INTO tbl_statistik VALUES("STA-00000000278","213.180.203.20","2022-03-06","1","1646569904");
INSERT INTO tbl_statistik VALUES("STA-00000000279","213.180.203.20","2022-03-07","1","1646585077");
INSERT INTO tbl_statistik VALUES("STA-00000000280","82.102.25.142","2022-03-07","6","1646590930");
INSERT INTO tbl_statistik VALUES("STA-00000000281","128.199.179.232","2022-03-07","1","1646642510");
INSERT INTO tbl_statistik VALUES("STA-00000000282","156.236.71.96","2022-03-07","2","1646655966");
INSERT INTO tbl_statistik VALUES("STA-00000000283","89.252.156.152","2022-03-08","4","1646668730");
INSERT INTO tbl_statistik VALUES("STA-00000000284","128.199.122.170","2022-03-08","6","1646685644");
INSERT INTO tbl_statistik VALUES("STA-00000000285","194.61.28.220","2022-03-09","1","1646761790");
INSERT INTO tbl_statistik VALUES("STA-00000000286","87.250.224.190","2022-03-09","1","1646761911");
INSERT INTO tbl_statistik VALUES("STA-00000000287","20.185.253.205","2022-03-10","2","1646867712");
INSERT INTO tbl_statistik VALUES("STA-00000000288","89.252.156.152","2022-03-10","2","1646873014");
INSERT INTO tbl_statistik VALUES("STA-00000000289","134.122.7.232","2022-03-10","1","1646885524");
INSERT INTO tbl_statistik VALUES("STA-00000000290","157.245.127.3","2022-03-10","1","1646889131");
INSERT INTO tbl_statistik VALUES("STA-00000000291","20.113.58.180","2022-03-11","2","1646935214");
INSERT INTO tbl_statistik VALUES("STA-00000000292","156.236.71.96","2022-03-11","1","1646952578");
INSERT INTO tbl_statistik VALUES("STA-00000000293","18.234.100.13","2022-03-11","1","1646984023");
INSERT INTO tbl_statistik VALUES("STA-00000000294","128.199.122.170","2022-03-12","1","1647029260");
INSERT INTO tbl_statistik VALUES("STA-00000000295","3.249.114.209","2022-03-13","1","1647149013");
INSERT INTO tbl_statistik VALUES("STA-00000000296","159.89.175.24","2022-03-14","1","1647258812");
INSERT INTO tbl_statistik VALUES("STA-00000000297","20.185.253.205","2022-03-15","1","1647312134");
INSERT INTO tbl_statistik VALUES("STA-00000000298","87.250.224.142","2022-03-15","1","1647313198");
INSERT INTO tbl_statistik VALUES("STA-00000000299","20.25.210.58","2022-03-15","3","1647334415");
INSERT INTO tbl_statistik VALUES("STA-00000000300","141.8.142.93","2022-03-16","1","1647385335");
INSERT INTO tbl_statistik VALUES("STA-00000000301","95.108.213.50","2022-03-16","1","1647385336");
INSERT INTO tbl_statistik VALUES("STA-00000000302","87.250.224.142","2022-03-16","1","1647385336");
INSERT INTO tbl_statistik VALUES("STA-00000000303","40.77.167.25","2022-03-16","1","1647402862");
INSERT INTO tbl_statistik VALUES("STA-00000000304","144.91.106.14","2022-03-17","4","1647456488");
INSERT INTO tbl_statistik VALUES("STA-00000000305","103.77.107.138","2022-03-17","1","1647460852");
INSERT INTO tbl_statistik VALUES("STA-00000000306","168.138.20.235","2022-03-17","2","1647478275");
INSERT INTO tbl_statistik VALUES("STA-00000000307","89.252.156.152","2022-03-18","1","1647530897");
INSERT INTO tbl_statistik VALUES("STA-00000000308","167.99.127.71","2022-03-18","1","1647566115");
INSERT INTO tbl_statistik VALUES("STA-00000000309","54.148.248.167","2022-03-18","1","1647613977");
INSERT INTO tbl_statistik VALUES("STA-00000000310","167.94.138.118","2022-03-19","2","1647618075");
INSERT INTO tbl_statistik VALUES("STA-00000000311","2.58.149.173","2022-03-19","2","1647678177");
INSERT INTO tbl_statistik VALUES("STA-00000000312","167.94.138.119","2022-03-20","2","1647710818");
INSERT INTO tbl_statistik VALUES("STA-00000000313","20.229.53.250","2022-03-20","2","1647748458");
INSERT INTO tbl_statistik VALUES("STA-00000000314","40.77.167.23","2022-03-20","1","1647750524");
INSERT INTO tbl_statistik VALUES("STA-00000000315","116.206.228.180","2022-03-20","6","1647779002");
INSERT INTO tbl_statistik VALUES("STA-00000000316","40.77.167.78","2022-03-21","1","1647807944");
INSERT INTO tbl_statistik VALUES("STA-00000000317","116.206.228.180","2022-03-21","6","1647843885");
INSERT INTO tbl_statistik VALUES("STA-00000000318","40.77.167.25","2022-03-21","1","1647868306");
INSERT INTO tbl_statistik VALUES("STA-00000000319","51.158.66.83","2022-03-21","1","1647871492");
INSERT INTO tbl_statistik VALUES("STA-00000000320","185.222.57.199","2022-03-22","4","1647876268");
INSERT INTO tbl_statistik VALUES("STA-00000000321","212.192.241.149","2022-03-22","1","1647924923");
INSERT INTO tbl_statistik VALUES("STA-00000000322","51.158.108.61","2022-03-22","1","1647954811");
INSERT INTO tbl_statistik VALUES("STA-00000000323","2.58.149.173","2022-03-23","2","1647961512");
INSERT INTO tbl_statistik VALUES("STA-00000000324","157.55.39.122","2022-03-23","1","1647994141");
INSERT INTO tbl_statistik VALUES("STA-00000000325","20.22.243.84","2022-03-23","1","1647996575");
INSERT INTO tbl_statistik VALUES("STA-00000000326","161.35.90.232","2022-03-23","1","1648028122");
INSERT INTO tbl_statistik VALUES("STA-00000000327","51.124.197.96","2022-03-24","2","1648089730");
INSERT INTO tbl_statistik VALUES("STA-00000000328","198.37.123.209","2022-03-25","2","1648144445");
INSERT INTO tbl_statistik VALUES("STA-00000000329","40.77.167.25","2022-03-25","1","1648155335");
INSERT INTO tbl_statistik VALUES("STA-00000000330","212.193.30.113","2022-03-25","3","1648157786");
INSERT INTO tbl_statistik VALUES("STA-00000000331","20.22.243.84","2022-03-25","1","1648190417");
INSERT INTO tbl_statistik VALUES("STA-00000000332","51.81.167.146","2022-03-26","1","1648220979");
INSERT INTO tbl_statistik VALUES("STA-00000000333","178.33.149.171","2022-03-26","1","1648221069");
INSERT INTO tbl_statistik VALUES("STA-00000000334","65.154.226.167","2022-03-26","1","1648223114");
INSERT INTO tbl_statistik VALUES("STA-00000000335","89.104.101.137","2022-03-26","1","1648229868");
INSERT INTO tbl_statistik VALUES("STA-00000000336","176.113.42.191","2022-03-26","1","1648238597");
INSERT INTO tbl_statistik VALUES("STA-00000000337","51.255.62.4","2022-03-26","1","1648285899");
INSERT INTO tbl_statistik VALUES("STA-00000000338","51.255.62.9","2022-03-26","1","1648285899");
INSERT INTO tbl_statistik VALUES("STA-00000000339","51.255.62.11","2022-03-26","1","1648285901");
INSERT INTO tbl_statistik VALUES("STA-00000000340","51.255.62.0","2022-03-26","1","1648285901");
INSERT INTO tbl_statistik VALUES("STA-00000000341","51.254.49.99","2022-03-26","1","1648294394");
INSERT INTO tbl_statistik VALUES("STA-00000000342","77.88.5.166","2022-03-26","1","1648300897");
INSERT INTO tbl_statistik VALUES("STA-00000000343","176.113.42.107","2022-03-27","1","1648316803");
INSERT INTO tbl_statistik VALUES("STA-00000000344","206.189.146.52","2022-03-27","6","1648324399");
INSERT INTO tbl_statistik VALUES("STA-00000000345","176.53.219.35","2022-03-27","1","1648324963");
INSERT INTO tbl_statistik VALUES("STA-00000000346","77.88.5.166","2022-03-27","3","1648355258");
INSERT INTO tbl_statistik VALUES("STA-00000000347","77.88.5.126","2022-03-27","1","1648355258");
INSERT INTO tbl_statistik VALUES("STA-00000000348","165.22.236.103","2022-03-29","3","1648494499");
INSERT INTO tbl_statistik VALUES("STA-00000000349","125.160.233.17","2022-03-29","1","1648534530");
INSERT INTO tbl_statistik VALUES("STA-00000000350","207.46.13.162","2022-03-29","1","1648564771");
INSERT INTO tbl_statistik VALUES("STA-00000000351","65.52.212.65","2022-03-31","3","1648669281");
INSERT INTO tbl_statistik VALUES("STA-00000000352","103.253.146.61","2022-04-01","18","1648746614");
INSERT INTO tbl_statistik VALUES("STA-00000000353","40.77.167.25","2022-04-01","1","1648751398");
INSERT INTO tbl_statistik VALUES("STA-00000000354","65.154.226.171","2022-04-02","1","1648826093");
INSERT INTO tbl_statistik VALUES("STA-00000000355","40.77.167.25","2022-04-02","1","1648853923");
INSERT INTO tbl_statistik VALUES("STA-00000000356","103.253.146.61","2022-04-02","3","1648859682");
INSERT INTO tbl_statistik VALUES("STA-00000000357","77.88.5.166","2022-04-02","1","1648876095");
INSERT INTO tbl_statistik VALUES("STA-00000000358","178.128.80.69","2022-04-02","3","1648903453");
INSERT INTO tbl_statistik VALUES("STA-00000000359","207.46.13.162","2022-04-03","2","1648922590");
INSERT INTO tbl_statistik VALUES("STA-00000000360","157.55.39.97","2022-04-03","1","1648933586");
INSERT INTO tbl_statistik VALUES("STA-00000000361","77.88.5.166","2022-04-03","2","1648965025");
INSERT INTO tbl_statistik VALUES("STA-00000000362","167.172.66.112","2022-04-03","2","1648975320");
INSERT INTO tbl_statistik VALUES("STA-00000000363","157.245.57.63","2022-04-04","2","1649008345");
INSERT INTO tbl_statistik VALUES("STA-00000000364","142.54.177.162","2022-04-04","1","1649016153");
INSERT INTO tbl_statistik VALUES("STA-00000000365","2.56.57.24","2022-04-04","1","1649018663");
INSERT INTO tbl_statistik VALUES("STA-00000000366","89.252.156.152","2022-04-04","2","1649037195");
INSERT INTO tbl_statistik VALUES("STA-00000000367","157.55.39.97","2022-04-04","1","1649039394");
INSERT INTO tbl_statistik VALUES("STA-00000000368","92.118.160.1","2022-04-04","1","1649043434");
INSERT INTO tbl_statistik VALUES("STA-00000000369","77.88.5.166","2022-04-04","1","1649045132");
INSERT INTO tbl_statistik VALUES("STA-00000000370","77.88.5.126","2022-04-04","1","1649045132");
INSERT INTO tbl_statistik VALUES("STA-00000000371","161.35.44.7","2022-04-04","1","1649050492");
INSERT INTO tbl_statistik VALUES("STA-00000000372","103.253.146.61","2022-04-04","3","1649066084");
INSERT INTO tbl_statistik VALUES("STA-00000000373","52.240.209.99","2022-04-05","3","1649096669");
INSERT INTO tbl_statistik VALUES("STA-00000000374","92.118.160.41","2022-04-05","1","1649119235");
INSERT INTO tbl_statistik VALUES("STA-00000000375","20.106.95.215","2022-04-05","3","1649125697");
INSERT INTO tbl_statistik VALUES("STA-00000000376","212.193.30.113","2022-04-05","1","1649146344");
INSERT INTO tbl_statistik VALUES("STA-00000000377","103.253.146.61","2022-04-05","3","1649150215");
INSERT INTO tbl_statistik VALUES("STA-00000000378","159.223.72.185","2022-04-05","3","1649153834");
INSERT INTO tbl_statistik VALUES("STA-00000000379","77.88.5.166","2022-04-05","1","1649160516");
INSERT INTO tbl_statistik VALUES("STA-00000000380","35.180.66.78","2022-04-05","1","1649168563");
INSERT INTO tbl_statistik VALUES("STA-00000000381","148.153.85.3","2022-04-06","1","1649185510");
INSERT INTO tbl_statistik VALUES("STA-00000000382","161.35.136.68","2022-04-06","1","1649186844");
INSERT INTO tbl_statistik VALUES("STA-00000000383","20.106.95.215","2022-04-06","3","1649190108");
INSERT INTO tbl_statistik VALUES("STA-00000000384","77.88.5.166","2022-04-06","1","1649195638");
INSERT INTO tbl_statistik VALUES("STA-00000000385","165.227.111.218","2022-04-06","1","1649198765");
INSERT INTO tbl_statistik VALUES("STA-00000000386","52.240.209.99","2022-04-06","3","1649222429");
INSERT INTO tbl_statistik VALUES("STA-00000000387","40.77.167.25","2022-04-06","1","1649225710");
INSERT INTO tbl_statistik VALUES("STA-00000000388","51.107.89.210","2022-04-06","2","1649246051");
INSERT INTO tbl_statistik VALUES("STA-00000000389","20.102.87.219","2022-04-07","3","1649267450");
INSERT INTO tbl_statistik VALUES("STA-00000000390","77.88.5.166","2022-04-07","1","1649304939");
INSERT INTO tbl_statistik VALUES("STA-00000000391","20.106.95.215","2022-04-07","6","1649307978");
INSERT INTO tbl_statistik VALUES("STA-00000000392","212.193.30.113","2022-04-07","1","1649318556");
INSERT INTO tbl_statistik VALUES("STA-00000000393","40.77.167.25","2022-04-07","1","1649324677");
INSERT INTO tbl_statistik VALUES("STA-00000000394","20.232.168.81","2022-04-07","1","1649334539");
INSERT INTO tbl_statistik VALUES("STA-00000000395","172.245.153.179","2022-04-08","1","1649369572");
INSERT INTO tbl_statistik VALUES("STA-00000000396","157.245.107.81","2022-04-08","1","1649386265");
INSERT INTO tbl_statistik VALUES("STA-00000000397","40.77.167.23","2022-04-08","1","1649397236");
INSERT INTO tbl_statistik VALUES("STA-00000000398","20.102.87.219","2022-04-08","3","1649422739");
INSERT INTO tbl_statistik VALUES("STA-00000000399","65.154.226.167","2022-04-09","1","1649438061");
INSERT INTO tbl_statistik VALUES("STA-00000000400","20.89.98.220","2022-04-09","3","1649507088");
INSERT INTO tbl_statistik VALUES("STA-00000000401","20.210.239.155","2022-04-09","3","1649508854");
INSERT INTO tbl_statistik VALUES("STA-00000000402","20.102.87.219","2022-04-10","3","1649529182");
INSERT INTO tbl_statistik VALUES("STA-00000000403","40.77.167.25","2022-04-10","1","1649539135");
INSERT INTO tbl_statistik VALUES("STA-00000000404","92.118.160.37","2022-04-11","1","1649622261");
INSERT INTO tbl_statistik VALUES("STA-00000000405","92.118.160.13","2022-04-11","1","1649659974");
INSERT INTO tbl_statistik VALUES("STA-00000000406","20.102.87.219","2022-04-12","3","1649714156");
INSERT INTO tbl_statistik VALUES("STA-00000000407","178.128.242.142","2022-04-12","4","1649716722");
INSERT INTO tbl_statistik VALUES("STA-00000000408","34.77.162.24","2022-04-12","1","1649724452");
INSERT INTO tbl_statistik VALUES("STA-00000000409","89.252.156.152","2022-04-12","2","1649733172");
INSERT INTO tbl_statistik VALUES("STA-00000000410","217.198.191.195","2022-04-12","1","1649738325");
INSERT INTO tbl_statistik VALUES("STA-00000000411","148.153.85.3","2022-04-12","1","1649772540");
INSERT INTO tbl_statistik VALUES("STA-00000000412","3.96.1.56","2022-04-13","1","1649796806");
INSERT INTO tbl_statistik VALUES("STA-00000000413","193.56.29.159","2022-04-13","1","1649820651");
INSERT INTO tbl_statistik VALUES("STA-00000000414","87.250.224.179","2022-04-13","1","1649821491");
INSERT INTO tbl_statistik VALUES("STA-00000000415","167.248.133.47","2022-04-14","2","1649863045");
INSERT INTO tbl_statistik VALUES("STA-00000000416","87.250.224.179","2022-04-14","1","1649877327");
INSERT INTO tbl_statistik VALUES("STA-00000000417","46.63.80.162","2022-04-15","1","1649953931");
INSERT INTO tbl_statistik VALUES("STA-00000000418","20.70.184.242","2022-04-15","3","1650003844");
INSERT INTO tbl_statistik VALUES("STA-00000000419","212.193.30.147","2022-04-17","1","1650160063");
INSERT INTO tbl_statistik VALUES("STA-00000000420","207.46.13.28","2022-04-18","1","1650233384");
INSERT INTO tbl_statistik VALUES("STA-00000000421","148.153.97.211","2022-04-18","1","1650252422");
INSERT INTO tbl_statistik VALUES("STA-00000000422","183.62.53.4","2022-04-18","1","1650261656");
INSERT INTO tbl_statistik VALUES("STA-00000000423","158.69.36.40","2022-04-19","1","1650294472");
INSERT INTO tbl_statistik VALUES("STA-00000000424","162.142.125.211","2022-04-19","2","1650295291");
INSERT INTO tbl_statistik VALUES("STA-00000000425","54.241.68.167","2022-04-19","1","1650353083");
INSERT INTO tbl_statistik VALUES("STA-00000000426","178.128.242.142","2022-04-19","4","1650372740");
INSERT INTO tbl_statistik VALUES("STA-00000000427","104.219.251.41","2022-04-20","2","1650409807");
INSERT INTO tbl_statistik VALUES("STA-00000000428","31.210.20.125","2022-04-20","2","1650418723");
INSERT INTO tbl_statistik VALUES("STA-00000000429","13.37.105.203","2022-04-20","1","1650430831");
INSERT INTO tbl_statistik VALUES("STA-00000000430","157.55.39.184","2022-04-20","1","1650440143");
INSERT INTO tbl_statistik VALUES("STA-00000000431","213.180.203.181","2022-04-21","1","1650513056");
INSERT INTO tbl_statistik VALUES("STA-00000000432","95.108.213.22","2022-04-21","2","1650513056");
INSERT INTO tbl_statistik VALUES("STA-00000000433","36.91.97.70","2022-04-21","1","1650517140");
INSERT INTO tbl_statistik VALUES("STA-00000000434","20.213.233.141","2022-04-22","3","1650612436");
INSERT INTO tbl_statistik VALUES("STA-00000000435","142.54.177.163","2022-04-22","1","1650631031");
INSERT INTO tbl_statistik VALUES("STA-00000000436","52.211.36.100","2022-04-23","2","1650650332");
INSERT INTO tbl_statistik VALUES("STA-00000000437","198.235.24.35","2022-04-23","1","1650671110");
INSERT INTO tbl_statistik VALUES("STA-00000000438","205.210.31.5","2022-04-23","1","1650697382");
INSERT INTO tbl_statistik VALUES("STA-00000000439","205.210.31.153","2022-04-23","1","1650706782");
INSERT INTO tbl_statistik VALUES("STA-00000000440","198.235.24.128","2022-04-23","1","1650710165");
INSERT INTO tbl_statistik VALUES("STA-00000000441","20.213.233.141","2022-04-24","3","1650773006");
INSERT INTO tbl_statistik VALUES("STA-00000000442","165.227.75.108","2022-04-25","1","1650816420");
INSERT INTO tbl_statistik VALUES("STA-00000000443","205.210.31.139","2022-04-25","1","1650819178");
INSERT INTO tbl_statistik VALUES("STA-00000000444","205.210.31.21","2022-04-25","1","1650833516");
INSERT INTO tbl_statistik VALUES("STA-00000000445","20.27.57.38","2022-04-25","3","1650851972");
INSERT INTO tbl_statistik VALUES("STA-00000000446","198.235.24.22","2022-04-25","1","1650885987");
INSERT INTO tbl_statistik VALUES("STA-00000000447","20.213.233.141","2022-04-25","3","1650890743");
INSERT INTO tbl_statistik VALUES("STA-00000000448","185.81.157.124","2022-04-26","2","1650928157");
INSERT INTO tbl_statistik VALUES("STA-00000000449","51.158.118.231","2022-04-26","1","1650937771");
INSERT INTO tbl_statistik VALUES("STA-00000000450","205.210.31.23","2022-04-26","1","1650941151");
INSERT INTO tbl_statistik VALUES("STA-00000000451","178.128.255.28","2022-04-27","4","1650991643");
INSERT INTO tbl_statistik VALUES("STA-00000000452","198.235.24.31","2022-04-27","1","1651031062");
INSERT INTO tbl_statistik VALUES("STA-00000000453","198.235.24.153","2022-04-27","1","1651049821");
INSERT INTO tbl_statistik VALUES("STA-00000000454","198.235.24.5","2022-04-27","1","1651051501");
INSERT INTO tbl_statistik VALUES("STA-00000000455","205.210.31.138","2022-04-27","1","1651058518");
INSERT INTO tbl_statistik VALUES("STA-00000000456","178.128.242.142","2022-04-28","4","1651125136");
INSERT INTO tbl_statistik VALUES("STA-00000000457","51.158.98.24","2022-04-28","1","1651132760");
INSERT INTO tbl_statistik VALUES("STA-00000000458","165.22.6.172","2022-04-29","1","1651196411");
INSERT INTO tbl_statistik VALUES("STA-00000000459","205.210.31.129","2022-04-29","1","1651203333");
INSERT INTO tbl_statistik VALUES("STA-00000000460","205.210.31.151","2022-04-29","1","1651214361");
INSERT INTO tbl_statistik VALUES("STA-00000000461","198.235.24.159","2022-04-29","1","1651218062");
INSERT INTO tbl_statistik VALUES("STA-00000000462","125.160.224.178","2022-04-29","1","1651218132");
INSERT INTO tbl_statistik VALUES("STA-00000000463","125.160.236.218","2022-04-29","1","1651218136");
INSERT INTO tbl_statistik VALUES("STA-00000000464","106.10.122.53","2022-04-29","2","1651221041");
INSERT INTO tbl_statistik VALUES("STA-00000000465","167.248.133.63","2022-04-30","2","1651264024");
INSERT INTO tbl_statistik VALUES("STA-00000000466","20.213.233.141","2022-04-30","3","1651291689");
INSERT INTO tbl_statistik VALUES("STA-00000000467","198.235.24.148","2022-04-30","1","1651299370");
INSERT INTO tbl_statistik VALUES("STA-00000000468","202.176.4.166","2022-04-30","1","1651327917");
INSERT INTO tbl_statistik VALUES("STA-00000000469","162.142.125.211","2022-04-30","1","1651328658");
INSERT INTO tbl_statistik VALUES("STA-00000000470","198.235.24.27","2022-05-01","1","1651330968");
INSERT INTO tbl_statistik VALUES("STA-00000000471","205.210.31.27","2022-05-01","1","1651333404");
INSERT INTO tbl_statistik VALUES("STA-00000000472","205.210.31.149","2022-05-01","1","1651337619");
INSERT INTO tbl_statistik VALUES("STA-00000000473","205.210.31.132","2022-05-01","1","1651339093");
INSERT INTO tbl_statistik VALUES("STA-00000000474","205.210.31.146","2022-05-02","1","1651435037");
INSERT INTO tbl_statistik VALUES("STA-00000000475","205.210.31.141","2022-05-03","1","1651537783");
INSERT INTO tbl_statistik VALUES("STA-00000000476","205.210.31.147","2022-05-03","1","1651545384");
INSERT INTO tbl_statistik VALUES("STA-00000000477","198.235.24.4","2022-05-03","1","1651552347");
INSERT INTO tbl_statistik VALUES("STA-00000000478","77.88.5.49","2022-05-04","2","1651606322");
INSERT INTO tbl_statistik VALUES("STA-00000000479","198.235.24.7","2022-05-04","1","1651647370");
INSERT INTO tbl_statistik VALUES("STA-00000000480","125.160.224.178","2022-05-05","2","1651679433");
INSERT INTO tbl_statistik VALUES("STA-00000000481","77.88.5.49","2022-05-05","1","1651686481");
INSERT INTO tbl_statistik VALUES("STA-00000000482","205.210.31.30","2022-05-05","1","1651686722");
INSERT INTO tbl_statistik VALUES("STA-00000000483","198.235.24.23","2022-05-05","1","1651687812");
INSERT INTO tbl_statistik VALUES("STA-00000000484","205.210.31.152","2022-05-05","1","1651695459");
INSERT INTO tbl_statistik VALUES("STA-00000000485","205.210.31.139","2022-05-05","1","1651697355");
INSERT INTO tbl_statistik VALUES("STA-00000000486","198.235.24.142","2022-05-05","1","1651702423");
INSERT INTO tbl_statistik VALUES("STA-00000000487","198.235.24.130","2022-05-05","1","1651721448");
INSERT INTO tbl_statistik VALUES("STA-00000000488","205.210.31.147","2022-05-05","1","1651723039");
INSERT INTO tbl_statistik VALUES("STA-00000000489","93.158.161.72","2022-05-05","1","1651757756");
INSERT INTO tbl_statistik VALUES("STA-00000000490","157.55.39.129","2022-05-06","1","1651807334");
INSERT INTO tbl_statistik VALUES("STA-00000000491","205.210.31.143","2022-05-06","1","1651810145");
INSERT INTO tbl_statistik VALUES("STA-00000000492","77.88.5.49","2022-05-06","1","1651841566");
INSERT INTO tbl_statistik VALUES("STA-00000000493","157.55.39.129","2022-05-07","1","1651893444");
INSERT INTO tbl_statistik VALUES("STA-00000000494","142.54.177.164","2022-05-07","1","1651925901");
INSERT INTO tbl_statistik VALUES("STA-00000000495","205.210.31.155","2022-05-08","1","1651941383");
INSERT INTO tbl_statistik VALUES("STA-00000000496","205.210.31.8","2022-05-08","1","1651957136");
INSERT INTO tbl_statistik VALUES("STA-00000000497","8.142.93.239","2022-05-08","1","1652006021");
INSERT INTO tbl_statistik VALUES("STA-00000000498","198.235.24.132","2022-05-09","1","1652025722");
INSERT INTO tbl_statistik VALUES("STA-00000000499","104.131.53.73","2022-05-09","1","1652026528");
INSERT INTO tbl_statistik VALUES("STA-00000000500","167.172.247.212","2022-05-09","1","1652029787");
INSERT INTO tbl_statistik VALUES("STA-00000000501","205.210.31.149","2022-05-09","1","1652086484");
INSERT INTO tbl_statistik VALUES("STA-00000000502","93.158.161.71","2022-05-09","2","1652102957");
INSERT INTO tbl_statistik VALUES("STA-00000000503","77.88.5.49","2022-05-09","1","1652102958");
INSERT INTO tbl_statistik VALUES("STA-00000000504","205.210.31.12","2022-05-10","1","1652136953");
INSERT INTO tbl_statistik VALUES("STA-00000000505","157.55.39.123","2022-05-10","1","1652152773");
INSERT INTO tbl_statistik VALUES("STA-00000000506","20.239.90.37","2022-05-10","3","1652165591");
INSERT INTO tbl_statistik VALUES("STA-00000000507","54.183.171.151","2022-05-11","1","1652221727");
INSERT INTO tbl_statistik VALUES("STA-00000000508","20.239.198.91","2022-05-12","4","1652303575");
INSERT INTO tbl_statistik VALUES("STA-00000000509","20.213.75.44","2022-05-12","3","1652319843");
INSERT INTO tbl_statistik VALUES("STA-00000000510","162.142.125.210","2022-05-14","2","1652462553");
INSERT INTO tbl_statistik VALUES("STA-00000000511","206.189.176.138","2022-05-14","2","1652484152");
INSERT INTO tbl_statistik VALUES("STA-00000000512","35.178.119.187","2022-05-16","1","1652668991");
INSERT INTO tbl_statistik VALUES("STA-00000000513","13.76.132.231","2022-05-17","1","1652738878");
INSERT INTO tbl_statistik VALUES("STA-00000000514","182.16.248.210","2022-05-17","4","1652787460");
INSERT INTO tbl_statistik VALUES("STA-00000000515","62.197.136.40","2022-05-17","2","1652796627");
INSERT INTO tbl_statistik VALUES("STA-00000000516","20.239.90.37","2022-05-19","3","1652887457");
INSERT INTO tbl_statistik VALUES("STA-00000000517","51.158.108.61","2022-05-19","1","1652913611");
INSERT INTO tbl_statistik VALUES("STA-00000000518","93.158.161.71","2022-05-19","1","1652933101");
INSERT INTO tbl_statistik VALUES("STA-00000000519","44.202.3.173","2022-05-19","1","1652948822");
INSERT INTO tbl_statistik VALUES("STA-00000000520","77.88.5.49","2022-05-19","1","1652956911");
INSERT INTO tbl_statistik VALUES("STA-00000000521","141.94.241.64","2022-05-20","4","1652986255");
INSERT INTO tbl_statistik VALUES("STA-00000000522","20.213.56.166","2022-05-23","4","1653249949");
INSERT INTO tbl_statistik VALUES("STA-00000000523","93.158.161.72","2022-05-23","1","1653250428");
INSERT INTO tbl_statistik VALUES("STA-00000000524","93.158.161.71","2022-05-23","1","1653273111");
INSERT INTO tbl_statistik VALUES("STA-00000000525","85.203.23.148","2022-05-23","1","1653303715");
INSERT INTO tbl_statistik VALUES("STA-00000000526","77.88.5.49","2022-05-23","1","1653307230");
INSERT INTO tbl_statistik VALUES("STA-00000000527","86.10.29.42","2022-05-24","1","1653340874");
INSERT INTO tbl_statistik VALUES("STA-00000000528","3.71.75.187","2022-05-24","1","1653375834");
INSERT INTO tbl_statistik VALUES("STA-00000000529","51.158.127.119","2022-05-25","1","1653430152");
INSERT INTO tbl_statistik VALUES("STA-00000000530","77.88.5.49","2022-05-25","1","1653461204");
INSERT INTO tbl_statistik VALUES("STA-00000000531","188.166.234.131","2022-05-26","3","1653499172");
INSERT INTO tbl_statistik VALUES("STA-00000000532","77.88.5.49","2022-05-26","1","1653502236");
INSERT INTO tbl_statistik VALUES("STA-00000000533","162.142.125.211","2022-05-26","2","1653525709");
INSERT INTO tbl_statistik VALUES("STA-00000000534","167.248.133.61","2022-05-26","2","1653525792");
INSERT INTO tbl_statistik VALUES("STA-00000000535","45.121.209.165","2022-05-26","6","1653556783");
INSERT INTO tbl_statistik VALUES("STA-00000000536","77.88.5.49","2022-05-27","1","1653627127");
INSERT INTO tbl_statistik VALUES("STA-00000000537","162.142.125.7","2022-05-27","2","1653630181");
INSERT INTO tbl_statistik VALUES("STA-00000000538","77.88.5.49","2022-05-28","2","1653712352");
INSERT INTO tbl_statistik VALUES("STA-00000000539","93.158.161.71","2022-05-28","2","1653712352");
INSERT INTO tbl_statistik VALUES("STA-00000000540","159.223.41.244","2022-05-29","6","1653785404");
INSERT INTO tbl_statistik VALUES("STA-00000000541","62.197.136.40","2022-05-29","2","1653819069");
INSERT INTO tbl_statistik VALUES("STA-00000000542","159.223.41.244","2022-05-30","12","1653850140");
INSERT INTO tbl_statistik VALUES("STA-00000000543","167.172.138.106","2022-05-30","3","1653885847");
INSERT INTO tbl_statistik VALUES("STA-00000000544","93.158.161.71","2022-05-31","1","1653995858");
INSERT INTO tbl_statistik VALUES("STA-00000000545","77.88.5.49","2022-05-31","1","1653995859");
INSERT INTO tbl_statistik VALUES("STA-00000000546","77.88.5.49","2022-05-31","1","1653995859");
INSERT INTO tbl_statistik VALUES("STA-00000000547","54.37.131.60","2022-05-31","1","1654004494");
INSERT INTO tbl_statistik VALUES("STA-00000000548","157.55.39.152","2022-06-01","1","1654026319");
INSERT INTO tbl_statistik VALUES("STA-00000000549","207.46.13.20","2022-06-02","1","1654122725");
INSERT INTO tbl_statistik VALUES("STA-00000000550","68.183.155.34","2022-06-02","1","1654126293");
INSERT INTO tbl_statistik VALUES("STA-00000000551","207.46.13.42","2022-06-03","1","1654205269");
INSERT INTO tbl_statistik VALUES("STA-00000000552","52.173.147.112","2022-06-04","2","1654288918");
INSERT INTO tbl_statistik VALUES("STA-00000000553","40.77.167.9","2022-06-04","1","1654291646");
INSERT INTO tbl_statistik VALUES("STA-00000000554","20.205.143.88","2022-06-05","3","1654362849");
INSERT INTO tbl_statistik VALUES("STA-00000000555","114.4.4.200","2022-06-25","1","1656108199");
INSERT INTO tbl_statistik VALUES("STA-00000000556","114.4.4.199","2022-06-25","1","1656108200");
INSERT INTO tbl_statistik VALUES("STA-00000000557","114.4.4.201","2022-06-25","1","1656108200");
INSERT INTO tbl_statistik VALUES("STA-00000000558","182.1.177.243","2022-06-25","1","1656125555");
INSERT INTO tbl_statistik VALUES("STA-00000000559","182.1.176.103","2022-06-25","1","1656125718");
INSERT INTO tbl_statistik VALUES("STA-00000000560","182.1.162.227","2022-06-25","1","1656129191");
INSERT INTO tbl_statistik VALUES("STA-00000000561","182.1.160.243","2022-06-25","1","1656134947");
INSERT INTO tbl_statistik VALUES("STA-00000000562","182.3.164.58","2022-06-26","12","1656211943");
INSERT INTO tbl_statistik VALUES("STA-00000000563","182.3.165.199","2022-07-08","3","1657243188");
INSERT INTO tbl_statistik VALUES("STA-00000000564","182.1.219.109","2022-07-20","1","1658289551");
INSERT INTO tbl_statistik VALUES("STA-00000000565","114.125.135.32","2023-04-10","11","1681120864");
INSERT INTO tbl_statistik VALUES("STA-00000000566","114.125.133.30","2023-04-10","2","1681123844");
INSERT INTO tbl_statistik VALUES("STA-00000000567","36.91.97.70","2023-04-10","1","1681124148");

