

CREATE TABLE `tbl_agenda` (
  `ageId` varchar(10) NOT NULL,
  `ageJudul` varchar(200) NOT NULL,
  `ageTgl1` datetime NOT NULL,
  `ageTgl2` datetime NOT NULL,
  `ageIsi` text NOT NULL,
  `ageStatus` int(11) NOT NULL,
  `ageLink` varchar(10) NOT NULL,
  PRIMARY KEY (`ageId`)
) ENGINE=InnoDB DEFAULT CHARSET=utf8mb4;

INSERT INTO tbl_agenda VALUES("AGE-000001","Turut Serta Berpartisipasi Dalam Pameran Tim Penggerak PKK Kabupaten Sarmi","2021-02-10 09:00:00","2021-02-12 15:00:00","Turut Serta Berpartisipasi Dalam Pameran Tim Penggerak PKK Kabupaten Sarmi Turut Serta Berpartisipasi Dalam Pameran Tim Penggerak PKK Kabupaten Sarmi Turut Serta Berpartisipasi Dalam Pameran Tim Penggerak PKK Kabupaten Sarmi Turut Serta Berpartisipasi Dalam Pameran Tim Penggerak PKK Kabupaten Sarmi.","1","PUB-000002");
INSERT INTO tbl_agenda VALUES("AGE-000002","Perayaan HUT DWP ke-21 Tahun 2020","2020-12-10 09:00:00","2020-12-10 15:00:00","Mengikuti Perayaan Dharma Wanita Persatuan ke-21 Tahun 2020 dengan Tema "Peran Dharma Wanita Persatuan dalam pemberdayaan perempuan di Era Digital untuk mendukung terwujudnya ketahanan keluarga Indonesia".","1","PUB-000003");
INSERT INTO tbl_agenda VALUES("AGE-000003","Perayaan Natal Dharma Wanita Persatuan Kabupaten Sarmi Tahun 2020","2020-10-07 10:00:00","2020-10-10 16:00:00","Perayaan Natal Dharma Wanita Persatuan Kabupaten Sarmi Tahun 2020","1","PUB-000001");



CREATE TABLE `tbl_anggota` (
  `angId` varchar(10) NOT NULL,
  `angNama` varchar(100) NOT NULL,
  `angJabatan` int(11) NOT NULL,
  `angFoto` varchar(200) NOT NULL,
  PRIMARY KEY (`angId`)
) ENGINE=InnoDB DEFAULT CHARSET=utf8mb4;

INSERT INTO tbl_anggota VALUES("ANG-000001","Eti Nari","1","31072021172049users.jpg");
INSERT INTO tbl_anggota VALUES("ANG-000002","Yoselien Melo","2","01082021140303female-icon-7880.png");
INSERT INTO tbl_anggota VALUES("ANG-000003","Dewi Nirom","3","01082021140326female-icon-7880.png");
INSERT INTO tbl_anggota VALUES("ANG-000004","Mia Sintya Sabarofek","4","02082021182654WhatsApp Image 2021-08-02 at 4.21.06 PM.jpeg");
INSERT INTO tbl_anggota VALUES("ANG-000005","Sarce Abuere","5","01082021140452female-icon-7880.png");
INSERT INTO tbl_anggota VALUES("ANG-000006","Butet Ariyani Norotou","6","01082021140524female-icon-7880.png");
INSERT INTO tbl_anggota VALUES("ANG-000007","Isabella K. Samoa","7","01082021140549female-icon-7880.png");
INSERT INTO tbl_anggota VALUES("ANG-000008","Ratna Baransano","8","01082021140618female-icon-7880.png");
INSERT INTO tbl_anggota VALUES("ANG-000009","Wihelwina Nasir","9","01082021140702female-icon-7880.png");
INSERT INTO tbl_anggota VALUES("ANG-000010","Yusnita Runbekwan","10","01082021140804female-icon-7880.png");
INSERT INTO tbl_anggota VALUES("ANG-000011","Leni Bambang","10","01082021140830female-icon-7880.png");
INSERT INTO tbl_anggota VALUES("ANG-000012","Ester Rudamaga","10","01082021140854female-icon-7880.png");
INSERT INTO tbl_anggota VALUES("ANG-000013","Yanti Makoso","10","01082021140912female-icon-7880.png");
INSERT INTO tbl_anggota VALUES("ANG-000014","Yustian Nubiaf","10","01082021140946female-icon-7880.png");
INSERT INTO tbl_anggota VALUES("ANG-000015","Yuliana Wondowai Yaas","10","01082021141016female-icon-7880.png");
INSERT INTO tbl_anggota VALUES("ANG-000016","Fransina Daufera","10","01082021141045female-icon-7880.png");
INSERT INTO tbl_anggota VALUES("ANG-000017","Ludia Fokanes","10","01082021141116female-icon-7880.png");
INSERT INTO tbl_anggota VALUES("ANG-000018","Feni Wdytila Unenor","11","01082021141225female-icon-7880.png");
INSERT INTO tbl_anggota VALUES("ANG-000019","Susri Apono","12","01082021141244female-icon-7880.png");
INSERT INTO tbl_anggota VALUES("ANG-000020","Dolince Boikawai","13","01082021141327female-icon-7880.png");
INSERT INTO tbl_anggota VALUES("ANG-000021","Kristin Ogubue","14","01082021141359female-icon-7880.png");
INSERT INTO tbl_anggota VALUES("ANG-000022","Ruth Basansano","14","01082021141433female-icon-7880.png");
INSERT INTO tbl_anggota VALUES("ANG-000023","Heidy Soronoanya","14","01082021141545female-icon-7880.png");
INSERT INTO tbl_anggota VALUES("ANG-000024","Andarias Twenty","14","01082021141623female-icon-7880.png");
INSERT INTO tbl_anggota VALUES("ANG-000025","Salomina Bless","14","01082021141643female-icon-7880.png");
INSERT INTO tbl_anggota VALUES("ANG-000026","Stella Twanangkwa","14","01082021141724female-icon-7880.png");
INSERT INTO tbl_anggota VALUES("ANG-000027","Dekri Mariel","14","01082021141744female-icon-7880.png");
INSERT INTO tbl_anggota VALUES("ANG-000028","Yobine Maonuar","15","01082021141837female-icon-7880.png");
INSERT INTO tbl_anggota VALUES("ANG-000029","Katulina Woromboni","16","01082021142000female-icon-7880.png");
INSERT INTO tbl_anggota VALUES("ANG-000030","Dinda Derek","17","01082021142024female-icon-7880.png");
INSERT INTO tbl_anggota VALUES("ANG-000031","Agustina Waromi","18","01082021142050female-icon-7880.png");
INSERT INTO tbl_anggota VALUES("ANG-000032","Sarah Yaas","18","01082021142107female-icon-7880.png");
INSERT INTO tbl_anggota VALUES("ANG-000033","Suslina Wainggai","18","01082021142129female-icon-7880.png");
INSERT INTO tbl_anggota VALUES("ANG-000034","Warini Syukur","18","01082021142202female-icon-7880.png");
INSERT INTO tbl_anggota VALUES("ANG-000035","Selvia Bernard","18","01082021142224female-icon-7880.png");
INSERT INTO tbl_anggota VALUES("ANG-000036","Fernandes Wanibor","18","01082021142246female-icon-7880.png");
INSERT INTO tbl_anggota VALUES("ANG-000037","Anetha Siren Oniw","18","01082021142329female-icon-7880.png");
INSERT INTO tbl_anggota VALUES("ANG-000038","Servin Sondak Sugarto","18","01082021142409female-icon-7880.png");
INSERT INTO tbl_anggota VALUES("ANG-000039","Selvi Kaumpungan","18","01082021142435female-icon-7880.png");
INSERT INTO tbl_anggota VALUES("ANG-000040","Bernike Yeresitow","18","01082021142502female-icon-7880.png");
INSERT INTO tbl_anggota VALUES("ANG-000041","Aksamina Abindondifu","18","01082021142541female-icon-7880.png");
INSERT INTO tbl_anggota VALUES("ANG-000042","Lilis Simofiaref","18","01082021142610female-icon-7880.png");



CREATE TABLE `tbl_backup` (
  `bacId` varchar(10) NOT NULL,
  `bacUsrId` varchar(10) NOT NULL,
  `bacFile` varchar(100) NOT NULL,
  `bacTime` datetime NOT NULL,
  PRIMARY KEY (`bacId`)
) ENGINE=InnoDB DEFAULT CHARSET=utf8mb4;

INSERT INTO tbl_backup VALUES("BAC-000001","USE-000001","db_dwp_sarmi_backup_1627791431.sql","2021-08-01 01:17:11");



CREATE TABLE `tbl_history` (
  `hisId` varchar(15) NOT NULL,
  `hisUsrId` varchar(10) NOT NULL,
  `hisAksi` varchar(100) NOT NULL,
  `hisAksId` varchar(10) NOT NULL,
  `hisTime` datetime NOT NULL,
  PRIMARY KEY (`hisId`)
) ENGINE=InnoDB DEFAULT CHARSET=utf8mb4;

INSERT INTO tbl_history VALUES("HIS-00000000001","USE-000002","Logout","USE-000002","2021-08-03 09:54:50");
INSERT INTO tbl_history VALUES("HIS-00000000002","USE-000002","Login","USE-000002","2021-08-03 07:14:16");
INSERT INTO tbl_history VALUES("HIS-00000000003","USE-000002","Edit data Pengurus","ANG-000004","2021-08-03 07:23:14");
INSERT INTO tbl_history VALUES("HIS-00000000004","USE-000002","Logout","USE-000002","2021-08-03 07:26:12");
INSERT INTO tbl_history VALUES("HIS-00000000005","USE-000002","Login","USE-000002","2021-08-03 07:27:20");
INSERT INTO tbl_history VALUES("HIS-00000000006","USE-000002","Login","USE-000002","2021-08-09 12:27:38");
INSERT INTO tbl_history VALUES("HIS-00000000007","USE-000002","Tambah data Admin","USE-000003","2021-08-09 12:27:54");
INSERT INTO tbl_history VALUES("HIS-00000000008","USE-000002","Edit data Admin","USE-000003","2021-08-09 01:21:47");
INSERT INTO tbl_history VALUES("HIS-00000000009","USE-000002","Hapus data Admin","USE-000003","2021-08-09 01:22:17");
INSERT INTO tbl_history VALUES("HIS-00000000010","USE-000002","Login","USE-000002","2021-08-10 09:47:07");



CREATE TABLE `tbl_kegiatan` (
  `kegId` varchar(15) NOT NULL,
  `kegPubId` varchar(10) NOT NULL,
  `kegFoto` varchar(200) NOT NULL,
  PRIMARY KEY (`kegId`)
) ENGINE=InnoDB DEFAULT CHARSET=utf8mb4;

INSERT INTO tbl_kegiatan VALUES("KEG-00000000001","PUB-000001","01082021200219WhatsApp Image 2021-07-25 at 18.15.12 (1).jpeg");
INSERT INTO tbl_kegiatan VALUES("KEG-00000000002","PUB-000001","01082021200219WhatsApp Image 2021-07-25 at 18.15.12.jpeg");
INSERT INTO tbl_kegiatan VALUES("KEG-00000000003","PUB-000001","01082021200219WhatsApp Image 2021-07-25 at 18.15.13.jpeg");
INSERT INTO tbl_kegiatan VALUES("KEG-00000000004","PUB-000001","01082021200219WhatsApp Image 2021-07-25 at 18.15.14 (1).jpeg");
INSERT INTO tbl_kegiatan VALUES("KEG-00000000005","PUB-000001","01082021200219WhatsApp Image 2021-07-25 at 18.15.15 (1).jpeg");
INSERT INTO tbl_kegiatan VALUES("KEG-00000000006","PUB-000001","01082021200219WhatsApp Image 2021-07-25 at 18.15.17 (1).jpeg");
INSERT INTO tbl_kegiatan VALUES("KEG-00000000007","PUB-000001","01082021200219WhatsApp Image 2021-07-25 at 18.15.18.jpeg");
INSERT INTO tbl_kegiatan VALUES("KEG-00000000008","PUB-000001","01082021200219WhatsApp Image 2021-07-25 at 18.15.21.jpeg");
INSERT INTO tbl_kegiatan VALUES("KEG-00000000009","PUB-000001","01082021200219WhatsApp Image 2021-07-25 at 18.15.22.jpeg");
INSERT INTO tbl_kegiatan VALUES("KEG-00000000010","PUB-000001","01082021200219WhatsApp Image 2021-07-25 at 18.15.24.jpeg");
INSERT INTO tbl_kegiatan VALUES("KEG-00000000011","PUB-000002","01082021200525WhatsApp Image 2021-07-25 at 18.14.58 (1).jpeg");
INSERT INTO tbl_kegiatan VALUES("KEG-00000000012","PUB-000002","01082021200525WhatsApp Image 2021-07-25 at 18.14.58.jpeg");
INSERT INTO tbl_kegiatan VALUES("KEG-00000000013","PUB-000002","01082021200525WhatsApp Image 2021-07-25 at 18.15.03 (1).jpeg");
INSERT INTO tbl_kegiatan VALUES("KEG-00000000014","PUB-000002","01082021200525WhatsApp Image 2021-07-25 at 18.15.03.jpeg");
INSERT INTO tbl_kegiatan VALUES("KEG-00000000015","PUB-000002","01082021200525WhatsApp Image 2021-07-25 at 18.15.04 (2).jpeg");
INSERT INTO tbl_kegiatan VALUES("KEG-00000000016","PUB-000002","01082021200525WhatsApp Image 2021-07-25 at 18.15.04 (1).jpeg");
INSERT INTO tbl_kegiatan VALUES("KEG-00000000017","PUB-000002","01082021200525WhatsApp Image 2021-07-25 at 18.15.04.jpeg");
INSERT INTO tbl_kegiatan VALUES("KEG-00000000018","PUB-000002","01082021200525WhatsApp Image 2021-07-25 at 18.15.05.jpeg");
INSERT INTO tbl_kegiatan VALUES("KEG-00000000019","PUB-000002","01082021200525WhatsApp Image 2021-07-25 at 18.15.08.jpeg");
INSERT INTO tbl_kegiatan VALUES("KEG-00000000020","PUB-000002","01082021200525WhatsApp Image 2021-07-25 at 18.15.10 (1).jpeg");
INSERT INTO tbl_kegiatan VALUES("KEG-00000000021","PUB-000004","02082021183616WhatsApp Image 2021-08-01 at 2.03.15 PM.jpeg");
INSERT INTO tbl_kegiatan VALUES("KEG-00000000022","PUB-000004","02082021183617WhatsApp Image 2021-08-01 at 2.03.16 PM (1).jpeg");
INSERT INTO tbl_kegiatan VALUES("KEG-00000000023","PUB-000004","02082021183617WhatsApp Image 2021-08-01 at 2.03.16 PM.jpeg");
INSERT INTO tbl_kegiatan VALUES("KEG-00000000024","PUB-000004","02082021183617WhatsApp Image 2021-08-01 at 2.03.18 PM (2).jpeg");
INSERT INTO tbl_kegiatan VALUES("KEG-00000000025","PUB-000004","02082021183617WhatsApp Image 2021-08-01 at 2.03.19 PM.jpeg");
INSERT INTO tbl_kegiatan VALUES("KEG-00000000026","PUB-000004","02082021183617WhatsApp Image 2021-08-01 at 2.03.20 PM (1).jpeg");
INSERT INTO tbl_kegiatan VALUES("KEG-00000000027","PUB-000004","02082021183617WhatsApp Image 2021-08-01 at 2.03.21 PM (2).jpeg");
INSERT INTO tbl_kegiatan VALUES("KEG-00000000028","PUB-000005","02082021184115WhatsApp Image 2021-08-01 at 2.03.17 PM.jpeg");
INSERT INTO tbl_kegiatan VALUES("KEG-00000000029","PUB-000005","02082021184115WhatsApp Image 2021-08-01 at 2.03.18 PM (2).jpeg");
INSERT INTO tbl_kegiatan VALUES("KEG-00000000030","PUB-000005","02082021184115WhatsApp Image 2021-08-01 at 2.03.20 PM.jpeg");
INSERT INTO tbl_kegiatan VALUES("KEG-00000000031","PUB-000005","02082021184115WhatsApp Image 2021-08-01 at 2.03.21 PM (1).jpeg");
INSERT INTO tbl_kegiatan VALUES("KEG-00000000032","PUB-000005","02082021184115WhatsApp Image 2021-08-01 at 2.03.21 PM.jpeg");
INSERT INTO tbl_kegiatan VALUES("KEG-00000000033","PUB-000005","02082021184115WhatsApp Image 2021-08-01 at 2.03.22 PM (1).jpeg");
INSERT INTO tbl_kegiatan VALUES("KEG-00000000034","PUB-000005","02082021184115WhatsApp Image 2021-08-01 at 2.03.24 PM.jpeg");



CREATE TABLE `tbl_ketua` (
  `ketId` varchar(10) NOT NULL,
  `ketNama` varchar(100) NOT NULL,
  `ketJabatan` int(11) NOT NULL,
  `ketBakti1` int(11) NOT NULL,
  `ketBakti2` int(11) NOT NULL,
  `ketFoto` varchar(200) NOT NULL,
  PRIMARY KEY (`ketId`)
) ENGINE=InnoDB DEFAULT CHARSET=utf8mb4;

INSERT INTO tbl_ketua VALUES("KET-000001","Amelia Fonataba","1","2019","2024","31072021170933users.jpg");
INSERT INTO tbl_ketua VALUES("KET-000002","Rantina Bakai","2","2019","2024","31072021171018users.jpg");
INSERT INTO tbl_ketua VALUES("KET-000003","Agustina Moar","3","2019","2024","31072021171102users.jpg");
INSERT INTO tbl_ketua VALUES("KET-000004","Haryani Sergius Nita","4","2019","2024","01082021140059female-icon-7880.png");
INSERT INTO tbl_ketua VALUES("KET-000005","Marice Mansi Rumbiak","5","2019","2024","01082021140137female-icon-7880.png");
INSERT INTO tbl_ketua VALUES("KET-000006","Wihelmina Timbuat","6","2019","2024","01082021140205female-icon-7880.png");



CREATE TABLE `tbl_pesan` (
  `pesId` varchar(10) NOT NULL,
  `pesNama` varchar(70) NOT NULL,
  `pesTelp` varchar(15) NOT NULL,
  `pesJudul` varchar(200) NOT NULL,
  `pesPesan` text NOT NULL,
  `pesTime` datetime NOT NULL,
  `pesStatus` int(11) NOT NULL,
  PRIMARY KEY (`pesId`)
) ENGINE=InnoDB DEFAULT CHARSET=utf8mb4;




CREATE TABLE `tbl_polling` (
  `polId` varchar(10) NOT NULL,
  `polPilihan` int(11) NOT NULL,
  PRIMARY KEY (`polId`)
) ENGINE=InnoDB DEFAULT CHARSET=utf8mb4;

INSERT INTO tbl_polling VALUES("POL-000001","1");
INSERT INTO tbl_polling VALUES("POL-000002","2");
INSERT INTO tbl_polling VALUES("POL-000003","1");



CREATE TABLE `tbl_publik` (
  `pubId` varchar(10) NOT NULL,
  `pubUsrId` varchar(10) NOT NULL,
  `pubStatus` int(11) NOT NULL,
  `pubJudul` text NOT NULL,
  `pubTime` datetime NOT NULL,
  `pubSampul` varchar(200) NOT NULL,
  `pubIsi` text NOT NULL,
  `pubHits` int(11) NOT NULL,
  PRIMARY KEY (`pubId`)
) ENGINE=InnoDB DEFAULT CHARSET=utf8mb4;

INSERT INTO tbl_publik VALUES("PUB-000001","USE-000001","2","Perayaan Natal Dharma Wanita Persatuan Kabupaten Sarmi Tahun 2020","2020-12-11 10:00:00","01082021200219WhatsApp Image 2021-07-25 at 18.15.15 (1).jpeg","<p>Perayaan Natal Dharma Wanita Persatuan Kabupaten Sarmi Tahun 2020Perayaan Natal Dharma Wanita Persatuan Kabupaten Sarmi Tahun 2020Perayaan Natal Dharma Wanita Persatuan Kabupaten Sarmi Tahun 2020Perayaan Natal Dharma Wanita Persatuan Kabupaten Sarmi Tahun 2020Perayaan Natal Dharma Wanita Persatuan Kabupaten Sarmi Tahun 2020Perayaan Natal Dharma Wanita Persatuan Kabupaten Sarmi Tahun 2020Perayaan Natal Dharma Wanita Persatuan Kabupaten Sarmi Tahun 2020Perayaan Natal Dharma Wanita Persatuan Kabupaten Sarmi Tahun 2020Perayaan Natal Dharma Wanita Persatuan Kabupaten Sarmi Tahun 2020Perayaan Natal Dharma Wanita Persatuan Kabupaten Sarmi Tahun 2020</p>

<p>&nbsp;</p>

<p>Perayaan Natal Dharma Wanita Persatuan Kabupaten Sarmi Tahun 2020Perayaan Natal Dharma Wanita Persatuan Kabupaten Sarmi Tahun 2020Perayaan Natal Dharma Wanita Persatuan Kabupaten Sarmi Tahun 2020Perayaan Natal Dharma Wanita Persatuan Kabupaten Sarmi Tahun 2020Perayaan Natal Dharma Wanita Persatuan Kabupaten Sarmi Tahun 2020Perayaan Natal Dharma Wanita Persatuan Kabupaten Sarmi Tahun 2020</p>

<p>&nbsp;</p>

<p>Perayaan Natal Dharma Wanita Persatuan Kabupaten Sarmi Tahun 2020Perayaan Natal Dharma Wanita Persatuan Kabupaten Sarmi Tahun 2020Perayaan Natal Dharma Wanita Persatuan Kabupaten Sarmi Tahun 2020Perayaan Natal Dharma Wanita Persatuan Kabupaten Sarmi Tahun 2020Perayaan Natal Dharma Wanita Persatuan Kabupaten Sarmi Tahun 2020Perayaan Natal Dharma Wanita Persatuan Kabupaten Sarmi Tahun 2020Perayaan Natal Dharma Wanita Persatuan Kabupaten Sarmi Tahun 2020Perayaan Natal Dharma Wanita Persatuan Kabupaten Sarmi Tahun 2020Perayaan Natal Dharma Wanita Persatuan Kabupaten Sarmi Tahun 2020Perayaan Natal Dharma Wanita Persatuan Kabupaten Sarmi Tahun 2020Perayaan Natal Dharma Wanita Persatuan Kabupaten Sarmi Tahun 2020</p>
","25");
INSERT INTO tbl_publik VALUES("PUB-000002","USE-000001","2","Turut Serta Berpartisipasi Dalam Pameran Tim Penggerak PKK Kabupaten Sarmi","2021-02-10 10:00:00","01082021200525WhatsApp Image 2021-07-25 at 18.15.05.jpeg","<p>Turut Serta Berpartisipasi Dalam Pameran Tim Penggerak PKK Kabupaten SarmiTurut Serta Berpartisipasi Dalam Pameran Tim Penggerak PKK Kabupaten SarmiTurut Serta Berpartisipasi Dalam Pameran Tim Penggerak PKK Kabupaten SarmiTurut Serta Berpartisipasi Dalam Pameran Tim Penggerak PKK Kabupaten SarmiTurut Serta Berpartisipasi Dalam Pameran Tim Penggerak PKK Kabupaten SarmiTurut Serta Berpartisipasi Dalam Pameran Tim Penggerak PKK Kabupaten SarmiTurut Serta Berpartisipasi Dalam Pameran Tim Penggerak PKK Kabupaten SarmiTurut Serta Berpartisipasi Dalam Pameran Tim Penggerak PKK Kabupaten SarmiTurut Serta Berpartisipasi Dalam Pameran Tim Penggerak PKK Kabupaten SarmiTurut Serta Berpartisipasi Dalam Pameran Tim Penggerak PKK Kabupaten Sarmi.</p>

<p>&nbsp;</p>

<p>Turut Serta Berpartisipasi Dalam Pameran Tim Penggerak PKK Kabupaten SarmiTurut Serta Berpartisipasi Dalam Pameran Tim Penggerak PKK Kabupaten SarmiTurut Serta Berpartisipasi Dalam Pameran Tim Penggerak PKK Kabupaten SarmiTurut Serta Berpartisipasi Dalam Pameran Tim Penggerak PKK Kabupaten SarmiTurut Serta Berpartisipasi Dalam Pameran Tim Penggerak PKK Kabupaten SarmiTurut Serta Berpartisipasi Dalam Pameran Tim Penggerak PKK Kabupaten SarmiTurut Serta Berpartisipasi Dalam Pameran Tim Penggerak PKK Kabupaten SarmiTurut Serta Berpartisipasi Dalam Pameran Tim Penggerak PKK Kabupaten SarmiTurut Serta Berpartisipasi Dalam Pameran Tim Penggerak PKK Kabupaten SarmiTurut Serta Berpartisipasi Dalam Pameran Tim Penggerak PKK Kabupaten SarmiTurut Serta Berpartisipasi Dalam Pameran Tim Penggerak PKK Kabupaten Sarmi.</p>

<p>&nbsp;</p>

<p>Turut Serta Berpartisipasi Dalam Pameran Tim Penggerak PKK Kabupaten SarmiTurut Serta Berpartisipasi Dalam Pameran Tim Penggerak PKK Kabupaten SarmiTurut Serta Berpartisipasi Dalam Pameran Tim Penggerak PKK Kabupaten SarmiTurut Serta Berpartisipasi Dalam Pameran Tim Penggerak PKK Kabupaten SarmiTurut Serta Berpartisipasi Dalam Pameran Tim Penggerak PKK Kabupaten SarmiTurut Serta Berpartisipasi Dalam Pameran Tim Penggerak PKK Kabupaten SarmiTurut Serta Berpartisipasi Dalam Pameran Tim Penggerak PKK Kabupaten SarmiTurut Serta Berpartisipasi Dalam Pameran Tim Penggerak PKK Kabupaten SarmiTurut Serta Berpartisipasi Dalam Pameran Tim Penggerak PKK Kabupaten Sarmi</p>
","21");
INSERT INTO tbl_publik VALUES("PUB-000003","USE-000001","1","Perayaan HUT Dharma Wanita Persatuan Ke-21 Tahun 2020","2021-12-02 08:00:00","01082021201539WhatsApp Image 2021-07-25 at 18.15.19 (2).jpeg","<p>Perayaan HUT Dharma Wanita Persatuan Ke-21 Tahun 2020Perayaan HUT Dharma Wanita Persatuan Ke-21 Tahun 2020Perayaan HUT Dharma Wanita Persatuan Ke-21 Tahun 2020Perayaan HUT Dharma Wanita Persatuan Ke-21 Tahun 2020Perayaan HUT Dharma Wanita Persatuan Ke-21 Tahun 2020Perayaan HUT Dharma Wanita Persatuan Ke-21 Tahun 2020Perayaan HUT Dharma Wanita Persatuan Ke-21 Tahun 2020Perayaan HUT Dharma Wanita Persatuan Ke-21 Tahun 2020Perayaan HUT Dharma Wanita Persatuan Ke-21 Tahun 2020Perayaan HUT Dharma Wanita Persatuan Ke-21 Tahun 2020Perayaan HUT Dharma Wanita Persatuan Ke-21 Tahun 2020Perayaan HUT Dharma Wanita Persatuan Ke-21 Tahun 2020Perayaan HUT Dharma Wanita Persatuan Ke-21 Tahun 2020Perayaan HUT Dharma Wanita Persatuan Ke-21 Tahun 2020Perayaan HUT Dharma Wanita Persatuan Ke-21 Tahun 2020Perayaan HUT Dharma Wanita Persatuan Ke-21 Tahun 2020Perayaan HUT Dharma Wanita Persatuan Ke-21 Tahun 2020</p>

<p>&nbsp;</p>

<p>Perayaan HUT Dharma Wanita Persatuan Ke-21 Tahun 2020Perayaan HUT Dharma Wanita Persatuan Ke-21 Tahun 2020Perayaan HUT Dharma Wanita Persatuan Ke-21 Tahun 2020Perayaan HUT Dharma Wanita Persatuan Ke-21 Tahun 2020Perayaan HUT Dharma Wanita Persatuan Ke-21 Tahun 2020Perayaan HUT Dharma Wanita Persatuan Ke-21 Tahun 2020Perayaan HUT Dharma Wanita Persatuan Ke-21 Tahun 2020Perayaan HUT Dharma Wanita Persatuan Ke-21 Tahun 2020Perayaan HUT Dharma Wanita Persatuan Ke-21 Tahun 2020Perayaan HUT Dharma Wanita Persatuan Ke-21 Tahun 2020</p>
","14");
INSERT INTO tbl_publik VALUES("PUB-000004","USE-000002","2","Musyawarah Daerah IV Dharma Wanita Persatuan Kabupaten Sarmi Tahun 2020","2020-11-30 10:00:00","02082021183616WhatsApp Image 2021-08-01 at 2.03.15 PM.jpeg","<p>Musyawarah Daerah IV Dharma Wanita Persatuan Kabupaten Sarmi Tahun 2020 dengan Tema &quot;Optimalisasi Kinerja DWP Sebagai Strategis Pemerintah Untuk Suksesnya Pembangunan Nasional dilaksanakan pada 30 Desember 2020.</p>
","4");
INSERT INTO tbl_publik VALUES("PUB-000005","USE-000002","2","Pengukuhan Pengurus Dharma Wanita Persatuan Kabupaten Sarmi Masa Bakti 2019 - 2024","2020-01-01 11:00:00","02082021184115WhatsApp Image 2021-08-01 at 2.03.21 PM.jpeg","<p>Pengukuhan Pengurus Dharma Wanita Persatuan Kabupaten Sarmi Masa Bakti 2019 - 2024Pengukuhan Pengurus Dharma Wanita Persatuan Kabupaten Sarmi Masa Bakti 2019 - 2024Pengukuhan Pengurus Dharma Wanita Persatuan Kabupaten Sarmi Masa Bakti 2019 - 2024Pengukuhan Pengurus Dharma Wanita Persatuan Kabupaten Sarmi Masa Bakti 2019 - 2024Pengukuhan Pengurus Dharma Wanita Persatuan Kabupaten Sarmi Masa Bakti 2019 - 2024Pengukuhan Pengurus Dharma Wanita Persatuan Kabupaten Sarmi Masa Bakti 2019 - 2024Pengukuhan Pengurus Dharma Wanita Persatuan Kabupaten Sarmi Masa Bakti 2019 - 2024Pengukuhan Pengurus Dharma Wanita Persatuan Kabupaten Sarmi Masa Bakti 2019 - 2024Pengukuhan Pengurus Dharma Wanita Persatuan Kabupaten Sarmi Masa Bakti 2019 - 2024</p>

<p>&nbsp;</p>

<p>Pengukuhan Pengurus Dharma Wanita Persatuan Kabupaten Sarmi Masa Bakti 2019 - 2024Pengukuhan Pengurus Dharma Wanita Persatuan Kabupaten Sarmi Masa Bakti 2019 - 2024Pengukuhan Pengurus Dharma Wanita Persatuan Kabupaten Sarmi Masa Bakti 2019 - 2024Pengukuhan Pengurus Dharma Wanita Persatuan Kabupaten Sarmi Masa Bakti 2019 - 2024Pengukuhan Pengurus Dharma Wanita Persatuan Kabupaten Sarmi Masa Bakti 2019 - 2024Pengukuhan Pengurus Dharma Wanita Persatuan Kabupaten Sarmi Masa Bakti 2019 - 2024Pengukuhan Pengurus Dharma Wanita Persatuan Kabupaten Sarmi Masa Bakti 2019 - 2024</p>
","6");



CREATE TABLE `tbl_statistik` (
  `staId` varchar(15) NOT NULL,
  `staIp` varchar(25) NOT NULL,
  `staTanggal` date NOT NULL,
  `staHits` int(11) NOT NULL,
  `staOnline` varchar(50) NOT NULL,
  PRIMARY KEY (`staId`)
) ENGINE=InnoDB DEFAULT CHARSET=utf8mb4;

INSERT INTO tbl_statistik VALUES("STA-00000000001","::1","2021-08-02","348","1627857985");
INSERT INTO tbl_statistik VALUES("STA-00000000002","::1","2021-08-03","168","1627916585");
INSERT INTO tbl_statistik VALUES("STA-00000000003","::1","2021-08-04","3","1628039891");
INSERT INTO tbl_statistik VALUES("STA-00000000004","::1","2021-08-10","125","1628552341");

